INSERT INTO `sjt1i_ucm_history` (`version_id`, `ucm_item_id`, `ucm_type_id`, `version_note`, `save_date`, `editor_user_id`, `character_count`, `sha1_hash`, `version_data`, `keep_forever`) VALUES
(64, 8, 1, '', '2018-10-08 18:02:57', 55, 5309, 'b15feba65540751fcbca38d694abe12bc95679fb', '{\"id\":8,\"asset_id\":\"82\",\"title\":\"Debate Over Paris Climate Deal Could Turn on a Single Phrase\",\"alias\":\"debate-over-paris-climate-deal-could-turn-on-a-single-phrase\",\"introtext\":\"<p>It won\\u2019t be a bigger problem to find one video game lover in your neighbor. Since the introduction of Virtual Game.<\\/p>\\r\\n\",\"fulltext\":\"\\r\\n<p>It has been achieving great heights so far as its popularity and technological advancement are concerned. The history of video game is as interesting as a fairy tale. The quality of today\\u2019s video game was not at all there when video game first conceptualized and played ever.<\\/p>\\r\\n<p><strong>If you are looking at blank cassettes on the web, you may be very confused at the difference in price. You may see some for as low as $.17 each. You may be saying to yourself<\\/strong>, \\u201cWow, what a deal!\\u201d. But be careful, check out the quality before you make your purchase. Make sure the tape will fit your needs. If you are using your cassette tapes to record something fast, and the life of the cassette will be short, then maybe the cheap ones are for you. However, if you need a quality recording, or are looking to keep that cassette for some time, then you will need to be prepared to pay a little more. The quality you receive will be well worth the added cost. Spoken word applications are one use that requires a higher quality cassette. Going with cheap blank cassettes will certainly result in poor quality originals and duplicates. If you are involved in recording speeches, sermons, lectures, audio books or teaching tapes, then you will find the points below of great interest. So what are some of the differences, and what should you be looking for? The following is a list of suggestions on the type of tapes to use:<\\/p>\\r\\n<p>1. The cassette shell should be held together with a five-screw design. This type of design will help to keep the shell from warping. If the shell warps, the tape will not be able to move smoothly for good recording or playback. It may not be able to move at all. The five-screw design also allows the cassette to be taken apart if necessary. So, if the shell got damaged, the tape could be moved to a different shell, for continued use. 2. Using Type I tape is sufficient for spoken word applications. You still need to make sure that the tape is of good quality. Poor quality tape will result in a poor quality recording. It can even cause undue wear on copiers, and more frequent cleaning of the copier heads.<\\/p>\\r\\n<p>3. Make sure that the felt pad that presses the tape against the head is sufficient. The larger the pad the better the tape to head contact allowing for better quality recording. Even a slight separation between the tape and the head will result in a poor recording.<\\/p>\\r\\n<p>4. Pins and rollers are also important. The rollers are what guide the tape around the corners of the cassette. The pins hold the rollers in place. Some manufacturers will use plastic pins. This has the potential of the roller and the pin becoming welded under heated conditions. Also, if the rollers are of cheap quality, the tape may not move smoothly while recording or copying. The tape can even become damaged due to friction.<\\/p>\\r\\n<p>5. Slip sheets are the sleeves between the tape and the case. These are also important since they help the tape to travel smoother. Smooth travel of the tape is critical to a good recording.<\\/p>\",\"state\":1,\"catid\":\"8\",\"created\":\"2018-02-08 19:28:07\",\"created_by\":\"871\",\"created_by_alias\":\"\",\"modified\":\"2018-02-23 06:52:06\",\"modified_by\":\"871\",\"checked_out\":\"871\",\"checked_out_time\":\"2018-02-23 06:51:54\",\"publish_up\":\"2018-02-08 19:28:07\",\"publish_down\":\"0000-00-00 00:00:00\",\"images\":\"{\\\"image_intro\\\":\\\"\\\",\\\"float_intro\\\":\\\"\\\",\\\"image_intro_alt\\\":\\\"\\\",\\\"image_intro_caption\\\":\\\"\\\",\\\"image_fulltext\\\":\\\"\\\",\\\"float_fulltext\\\":\\\"\\\",\\\"image_fulltext_alt\\\":\\\"\\\",\\\"image_fulltext_caption\\\":\\\"\\\"}\",\"urls\":\"{\\\"urla\\\":false,\\\"urlatext\\\":\\\"\\\",\\\"targeta\\\":\\\"\\\",\\\"urlb\\\":false,\\\"urlbtext\\\":\\\"\\\",\\\"targetb\\\":\\\"\\\",\\\"urlc\\\":false,\\\"urlctext\\\":\\\"\\\",\\\"targetc\\\":\\\"\\\"}\",\"attribs\":\"{\\\"article_layout\\\":\\\"\\\",\\\"show_title\\\":\\\"\\\",\\\"link_titles\\\":\\\"\\\",\\\"show_tags\\\":\\\"\\\",\\\"show_intro\\\":\\\"\\\",\\\"info_block_position\\\":\\\"\\\",\\\"info_block_show_title\\\":\\\"\\\",\\\"show_category\\\":\\\"\\\",\\\"link_category\\\":\\\"\\\",\\\"show_parent_category\\\":\\\"\\\",\\\"link_parent_category\\\":\\\"\\\",\\\"show_associations\\\":\\\"\\\",\\\"show_author\\\":\\\"\\\",\\\"link_author\\\":\\\"\\\",\\\"show_create_date\\\":\\\"\\\",\\\"show_modify_date\\\":\\\"\\\",\\\"show_publish_date\\\":\\\"\\\",\\\"show_item_navigation\\\":\\\"\\\",\\\"show_icons\\\":\\\"\\\",\\\"show_print_icon\\\":\\\"\\\",\\\"show_email_icon\\\":\\\"\\\",\\\"show_vote\\\":\\\"\\\",\\\"show_hits\\\":\\\"\\\",\\\"show_noauth\\\":\\\"\\\",\\\"urls_position\\\":\\\"\\\",\\\"alternative_readmore\\\":\\\"\\\",\\\"article_page_title\\\":\\\"\\\",\\\"show_publishing_options\\\":\\\"\\\",\\\"show_article_options\\\":\\\"\\\",\\\"show_urls_images_backend\\\":\\\"\\\",\\\"show_urls_images_frontend\\\":\\\"\\\",\\\"helix_ultimate_image\\\":\\\"images\\\\\\/2018\\\\\\/02\\\\\\/23\\\\\\/blog10.jpg\\\",\\\"helix_ultimate_article_format\\\":\\\"standard\\\",\\\"helix_ultimate_audio\\\":\\\"\\\",\\\"helix_ultimate_gallery\\\":\\\"\\\",\\\"helix_ultimate_video\\\":\\\"\\\"}\",\"version\":5,\"ordering\":\"2\",\"metakey\":\"\",\"metadesc\":\"\",\"access\":\"1\",\"hits\":\"0\",\"metadata\":\"{\\\"robots\\\":\\\"\\\",\\\"author\\\":\\\"\\\",\\\"rights\\\":\\\"\\\",\\\"xreference\\\":\\\"\\\"}\",\"featured\":\"0\",\"language\":\"*\",\"xreference\":\"\"}', 0),
(65, 2, 1, '', '2018-10-08 18:02:57', 55, 5631, 'ebad979e33a27706f89dd3397220f7fa244016b7', '{\"id\":2,\"asset_id\":\"71\",\"title\":\"After Setbacks and Suits, Miami to Open Science Museum\",\"alias\":\"after-setbacks-and-suits-miami-to-open-science-museum\",\"introtext\":\"<p>It won\\u2019t be a bigger problem to find one video game lover in your neighbor. Since the introduction of Virtual Game.<\\/p>\\r\\n\",\"fulltext\":\"\\r\\n<p>It has been achieving great heights so far as its popularity and technological advancement are concerned. The history of video game is as interesting as a fairy tale. The quality of today\\u2019s video game was not at all there when video game first conceptualized and played ever.<\\/p>\\r\\n<p><strong>If you are looking at blank cassettes on the web, you may be very confused at the difference in price. You may see some for as low as $.17 each. You may be saying to yourself<\\/strong>, \\u201cWow, what a deal!\\u201d. But be careful, check out the quality before you make your purchase. Make sure the tape will fit your needs. If you are using your cassette tapes to record something fast, and the life of the cassette will be short, then maybe the cheap ones are for you. However, if you need a quality recording, or are looking to keep that cassette for some time, then you will need to be prepared to pay a little more. The quality you receive will be well worth the added cost. Spoken word applications are one use that requires a higher quality cassette. Going with cheap blank cassettes will certainly result in poor quality originals and duplicates. If you are involved in recording speeches, sermons, lectures, audio books or teaching tapes, then you will find the points below of great interest. So what are some of the differences, and what should you be looking for? The following is a list of suggestions on the type of tapes to use:<\\/p>\\r\\n<p>1. The cassette shell should be held together with a five-screw design. This type of design will help to keep the shell from warping. If the shell warps, the tape will not be able to move smoothly for good recording or playback. It may not be able to move at all. The five-screw design also allows the cassette to be taken apart if necessary. So, if the shell got damaged, the tape could be moved to a different shell, for continued use. 2. Using Type I tape is sufficient for spoken word applications. You still need to make sure that the tape is of good quality. Poor quality tape will result in a poor quality recording. It can even cause undue wear on copiers, and more frequent cleaning of the copier heads.<\\/p>\\r\\n<p>3. Make sure that the felt pad that presses the tape against the head is sufficient. The larger the pad the better the tape to head contact allowing for better quality recording. Even a slight separation between the tape and the head will result in a poor recording.<\\/p>\\r\\n<p>4. Pins and rollers are also important. The rollers are what guide the tape around the corners of the cassette. The pins hold the rollers in place. Some manufacturers will use plastic pins. This has the potential of the roller and the pin becoming welded under heated conditions. Also, if the rollers are of cheap quality, the tape may not move smoothly while recording or copying. The tape can even become damaged due to friction.<\\/p>\\r\\n<p>5. Slip sheets are the sleeves between the tape and the case. These are also important since they help the tape to travel smoother. Smooth travel of the tape is critical to a good recording.<\\/p>\",\"state\":1,\"catid\":\"8\",\"created\":\"2018-02-02 19:28:07\",\"created_by\":\"871\",\"created_by_alias\":\"\",\"modified\":\"2018-02-23 06:55:49\",\"modified_by\":\"871\",\"checked_out\":\"871\",\"checked_out_time\":\"2018-02-23 06:53:32\",\"publish_up\":\"2018-02-02 19:28:07\",\"publish_down\":\"0000-00-00 00:00:00\",\"images\":\"{\\\"image_intro\\\":\\\"\\\",\\\"float_intro\\\":\\\"\\\",\\\"image_intro_alt\\\":\\\"\\\",\\\"image_intro_caption\\\":\\\"\\\",\\\"image_fulltext\\\":\\\"\\\",\\\"float_fulltext\\\":\\\"\\\",\\\"image_fulltext_alt\\\":\\\"\\\",\\\"image_fulltext_caption\\\":\\\"\\\"}\",\"urls\":\"{\\\"urla\\\":false,\\\"urlatext\\\":\\\"\\\",\\\"targeta\\\":\\\"\\\",\\\"urlb\\\":false,\\\"urlbtext\\\":\\\"\\\",\\\"targetb\\\":\\\"\\\",\\\"urlc\\\":false,\\\"urlctext\\\":\\\"\\\",\\\"targetc\\\":\\\"\\\"}\",\"attribs\":\"{\\\"article_layout\\\":\\\"\\\",\\\"show_title\\\":\\\"\\\",\\\"link_titles\\\":\\\"\\\",\\\"show_tags\\\":\\\"\\\",\\\"show_intro\\\":\\\"\\\",\\\"info_block_position\\\":\\\"\\\",\\\"info_block_show_title\\\":\\\"\\\",\\\"show_category\\\":\\\"\\\",\\\"link_category\\\":\\\"\\\",\\\"show_parent_category\\\":\\\"\\\",\\\"link_parent_category\\\":\\\"\\\",\\\"show_associations\\\":\\\"\\\",\\\"show_author\\\":\\\"\\\",\\\"link_author\\\":\\\"\\\",\\\"show_create_date\\\":\\\"\\\",\\\"show_modify_date\\\":\\\"\\\",\\\"show_publish_date\\\":\\\"\\\",\\\"show_item_navigation\\\":\\\"\\\",\\\"show_icons\\\":\\\"\\\",\\\"show_print_icon\\\":\\\"\\\",\\\"show_email_icon\\\":\\\"\\\",\\\"show_vote\\\":\\\"\\\",\\\"show_hits\\\":\\\"\\\",\\\"show_noauth\\\":\\\"\\\",\\\"urls_position\\\":\\\"\\\",\\\"alternative_readmore\\\":\\\"\\\",\\\"article_page_title\\\":\\\"\\\",\\\"show_publishing_options\\\":\\\"\\\",\\\"show_article_options\\\":\\\"\\\",\\\"show_urls_images_backend\\\":\\\"\\\",\\\"show_urls_images_frontend\\\":\\\"\\\",\\\"helix_ultimate_image\\\":\\\"images\\\\\\/2018\\\\\\/02\\\\\\/23\\\\\\/blog2.jpg\\\",\\\"helix_ultimate_article_format\\\":\\\"audio\\\",\\\"helix_ultimate_audio\\\":\\\"<iframe scrolling=\\\\\\\"no\\\\\\\" frameborder=\\\\\\\"no\\\\\\\" allow=\\\\\\\"autoplay\\\\\\\" src=\\\\\\\"https:\\\\\\/\\\\\\/w.soundcloud.com\\\\\\/player\\\\\\/?url=https%3A\\\\\\/\\\\\\/api.soundcloud.com\\\\\\/tracks\\\\\\/399014505&color=%23ff5500&auto_play=false&hide_related=false&show_comments=true&show_user=true&show_reposts=false&show_teaser=true&visual=true\\\\\\\"><\\\\\\/iframe>\\\",\\\"helix_ultimate_gallery\\\":\\\"\\\",\\\"helix_ultimate_video\\\":\\\"\\\"}\",\"version\":7,\"ordering\":\"8\",\"metakey\":\"\",\"metadesc\":\"\",\"access\":\"1\",\"hits\":\"3\",\"metadata\":\"{\\\"robots\\\":\\\"\\\",\\\"author\\\":\\\"\\\",\\\"rights\\\":\\\"\\\",\\\"xreference\\\":\\\"\\\"}\",\"featured\":\"0\",\"language\":\"*\",\"xreference\":\"\"}', 0),
(66, 7, 1, '', '2018-10-08 18:02:57', 55, 5522, '771264299fac9121b7b6db6ecb2ee2517fc779b5', '{\"id\":7,\"asset_id\":\"81\",\"title\":\"Want to Make More Baskets? Science Has the Answer\",\"alias\":\"want-to-make-more-baskets-science-has-the-answer\",\"introtext\":\"<p>It won\\u2019t be a bigger problem to find one video game lover in your neighbor. Since the introduction of Virtual Game.<\\/p>\\r\\n\",\"fulltext\":\"\\r\\n<p>It has been achieving great heights so far as its popularity and technological advancement are concerned. The history of video game is as interesting as a fairy tale. The quality of today\\u2019s video game was not at all there when video game first conceptualized and played ever.<\\/p>\\r\\n<p><strong>If you are looking at blank cassettes on the web, you may be very confused at the difference in price. You may see some for as low as $.17 each. You may be saying to yourself<\\/strong>, \\u201cWow, what a deal!\\u201d. But be careful, check out the quality before you make your purchase. Make sure the tape will fit your needs. If you are using your cassette tapes to record something fast, and the life of the cassette will be short, then maybe the cheap ones are for you. However, if you need a quality recording, or are looking to keep that cassette for some time, then you will need to be prepared to pay a little more. The quality you receive will be well worth the added cost. Spoken word applications are one use that requires a higher quality cassette. Going with cheap blank cassettes will certainly result in poor quality originals and duplicates. If you are involved in recording speeches, sermons, lectures, audio books or teaching tapes, then you will find the points below of great interest. So what are some of the differences, and what should you be looking for? The following is a list of suggestions on the type of tapes to use:<\\/p>\\r\\n<p>1. The cassette shell should be held together with a five-screw design. This type of design will help to keep the shell from warping. If the shell warps, the tape will not be able to move smoothly for good recording or playback. It may not be able to move at all. The five-screw design also allows the cassette to be taken apart if necessary. So, if the shell got damaged, the tape could be moved to a different shell, for continued use. 2. Using Type I tape is sufficient for spoken word applications. You still need to make sure that the tape is of good quality. Poor quality tape will result in a poor quality recording. It can even cause undue wear on copiers, and more frequent cleaning of the copier heads.<\\/p>\\r\\n<p>3. Make sure that the felt pad that presses the tape against the head is sufficient. The larger the pad the better the tape to head contact allowing for better quality recording. Even a slight separation between the tape and the head will result in a poor recording.<\\/p>\\r\\n<p>4. Pins and rollers are also important. The rollers are what guide the tape around the corners of the cassette. The pins hold the rollers in place. Some manufacturers will use plastic pins. This has the potential of the roller and the pin becoming welded under heated conditions. Also, if the rollers are of cheap quality, the tape may not move smoothly while recording or copying. The tape can even become damaged due to friction.<\\/p>\\r\\n<p>5. Slip sheets are the sleeves between the tape and the case. These are also important since they help the tape to travel smoother. Smooth travel of the tape is critical to a good recording.<\\/p>\",\"state\":1,\"catid\":\"8\",\"created\":\"2018-02-07 19:28:07\",\"created_by\":\"871\",\"created_by_alias\":\"\",\"modified\":\"2018-02-23 06:56:23\",\"modified_by\":\"871\",\"checked_out\":\"871\",\"checked_out_time\":\"2018-02-23 06:56:16\",\"publish_up\":\"2018-02-07 19:28:07\",\"publish_down\":\"0000-00-00 00:00:00\",\"images\":\"{\\\"image_intro\\\":\\\"\\\",\\\"float_intro\\\":\\\"\\\",\\\"image_intro_alt\\\":\\\"\\\",\\\"image_intro_caption\\\":\\\"\\\",\\\"image_fulltext\\\":\\\"\\\",\\\"float_fulltext\\\":\\\"\\\",\\\"image_fulltext_alt\\\":\\\"\\\",\\\"image_fulltext_caption\\\":\\\"\\\"}\",\"urls\":\"{\\\"urla\\\":false,\\\"urlatext\\\":\\\"\\\",\\\"targeta\\\":\\\"\\\",\\\"urlb\\\":false,\\\"urlbtext\\\":\\\"\\\",\\\"targetb\\\":\\\"\\\",\\\"urlc\\\":false,\\\"urlctext\\\":\\\"\\\",\\\"targetc\\\":\\\"\\\"}\",\"attribs\":\"{\\\"article_layout\\\":\\\"\\\",\\\"show_title\\\":\\\"\\\",\\\"link_titles\\\":\\\"\\\",\\\"show_tags\\\":\\\"\\\",\\\"show_intro\\\":\\\"\\\",\\\"info_block_position\\\":\\\"\\\",\\\"info_block_show_title\\\":\\\"\\\",\\\"show_category\\\":\\\"\\\",\\\"link_category\\\":\\\"\\\",\\\"show_parent_category\\\":\\\"\\\",\\\"link_parent_category\\\":\\\"\\\",\\\"show_associations\\\":\\\"\\\",\\\"show_author\\\":\\\"\\\",\\\"link_author\\\":\\\"\\\",\\\"show_create_date\\\":\\\"\\\",\\\"show_modify_date\\\":\\\"\\\",\\\"show_publish_date\\\":\\\"\\\",\\\"show_item_navigation\\\":\\\"\\\",\\\"show_icons\\\":\\\"\\\",\\\"show_print_icon\\\":\\\"\\\",\\\"show_email_icon\\\":\\\"\\\",\\\"show_vote\\\":\\\"\\\",\\\"show_hits\\\":\\\"\\\",\\\"show_noauth\\\":\\\"\\\",\\\"urls_position\\\":\\\"\\\",\\\"alternative_readmore\\\":\\\"\\\",\\\"article_page_title\\\":\\\"\\\",\\\"show_publishing_options\\\":\\\"\\\",\\\"show_article_options\\\":\\\"\\\",\\\"show_urls_images_backend\\\":\\\"\\\",\\\"show_urls_images_frontend\\\":\\\"\\\",\\\"helix_ultimate_image\\\":\\\"images\\\\\\/2018\\\\\\/02\\\\\\/23\\\\\\/blog7.jpg\\\",\\\"helix_ultimate_article_format\\\":\\\"gallery\\\",\\\"helix_ultimate_audio\\\":\\\"\\\",\\\"helix_ultimate_gallery\\\":\\\"{\\\\\\\"helix_ultimate_gallery_images\\\\\\\":[\\\\\\\"images\\\\\\/2018\\\\\\/02\\\\\\/23\\\\\\/blog31.jpg\\\\\\\",\\\\\\\"images\\\\\\/2018\\\\\\/02\\\\\\/23\\\\\\/blog41.jpg\\\\\\\",\\\\\\\"images\\\\\\/2018\\\\\\/02\\\\\\/23\\\\\\/blog51.jpg\\\\\\\",\\\\\\\"images\\\\\\/2018\\\\\\/02\\\\\\/23\\\\\\/blog111.jpg\\\\\\\"]}\\\",\\\"helix_ultimate_video\\\":\\\"\\\"}\",\"version\":6,\"ordering\":\"3\",\"metakey\":\"\",\"metadesc\":\"\",\"access\":\"1\",\"hits\":\"0\",\"metadata\":\"{\\\"robots\\\":\\\"\\\",\\\"author\\\":\\\"\\\",\\\"rights\\\":\\\"\\\",\\\"xreference\\\":\\\"\\\"}\",\"featured\":\"0\",\"language\":\"*\",\"xreference\":\"\"}', 0),
(67, 1, 2, '', '2018-10-08 18:02:57', 55, 1845, 'f066feeb859e8a11fd93ba7f825f1346fe672460', '{\"id\":1,\"name\":\"Contact\",\"alias\":\"contact\",\"con_position\":\"Founder & CEO\",\"address\":\"6\\/14, Block - A, Lalmatia\",\"suburb\":\"Dhaka\",\"state\":\"Dhaka\",\"country\":\"USA\",\"postcode\":\"1207\",\"telephone\":\"530-873-7429\",\"fax\":\"858-774-4605\",\"misc\":\"\",\"image\":\"\",\"email_to\":\"email@email.com\",\"default_con\":0,\"published\":\"1\",\"checked_out\":\"871\",\"checked_out_time\":\"2018-02-23 14:36:51\",\"ordering\":\"1\",\"params\":\"{\\\"show_contact_category\\\":\\\"\\\",\\\"show_contact_list\\\":\\\"\\\",\\\"presentation_style\\\":\\\"\\\",\\\"show_tags\\\":\\\"\\\",\\\"show_info\\\":\\\"\\\",\\\"show_name\\\":\\\"\\\",\\\"show_position\\\":\\\"\\\",\\\"show_email\\\":\\\"\\\",\\\"add_mailto_link\\\":\\\"\\\",\\\"show_street_address\\\":\\\"\\\",\\\"show_suburb\\\":\\\"\\\",\\\"show_state\\\":\\\"\\\",\\\"show_postcode\\\":\\\"\\\",\\\"show_country\\\":\\\"\\\",\\\"show_telephone\\\":\\\"\\\",\\\"show_mobile\\\":\\\"\\\",\\\"show_fax\\\":\\\"\\\",\\\"show_webpage\\\":\\\"\\\",\\\"show_image\\\":\\\"\\\",\\\"show_misc\\\":\\\"\\\",\\\"allow_vcard\\\":\\\"\\\",\\\"show_articles\\\":\\\"\\\",\\\"articles_display_num\\\":\\\"\\\",\\\"show_profile\\\":\\\"\\\",\\\"show_links\\\":\\\"\\\",\\\"linka_name\\\":\\\"\\\",\\\"linka\\\":false,\\\"linkb_name\\\":\\\"\\\",\\\"linkb\\\":false,\\\"linkc_name\\\":\\\"\\\",\\\"linkc\\\":false,\\\"linkd_name\\\":\\\"\\\",\\\"linkd\\\":false,\\\"linke_name\\\":\\\"\\\",\\\"linke\\\":false,\\\"contact_layout\\\":\\\"\\\",\\\"show_email_form\\\":\\\"\\\",\\\"show_email_copy\\\":\\\"\\\",\\\"banned_email\\\":\\\"\\\",\\\"banned_subject\\\":\\\"\\\",\\\"banned_text\\\":\\\"\\\",\\\"validate_session\\\":\\\"\\\",\\\"custom_reply\\\":\\\"\\\",\\\"redirect\\\":\\\"\\\"}\",\"user_id\":\"871\",\"catid\":\"4\",\"access\":\"1\",\"mobile\":\"858-774-4605\",\"webpage\":\"https:\\/\\/www.joomshaper.com\",\"sortname1\":\"\",\"sortname2\":\"\",\"sortname3\":\"\",\"language\":\"*\",\"created\":\"2018-02-22 18:30:43\",\"created_by\":\"871\",\"created_by_alias\":\"\",\"modified\":\"2018-02-23 14:37:19\",\"modified_by\":\"871\",\"metakey\":\"\",\"metadesc\":\"\",\"metadata\":\"{\\\"robots\\\":\\\"\\\",\\\"rights\\\":\\\"\\\"}\",\"featured\":\"0\",\"xreference\":\"\",\"publish_up\":\"0000-00-00 00:00:00\",\"publish_down\":\"0000-00-00 00:00:00\",\"version\":9,\"hits\":\"51\"}', 0),
(69, 2, 8, '', '2018-10-08 18:02:57', 55, 566, '616ddb7dc48fc6f8b6aa2e90ed3ce7a453fa7683', '{\"id\":2,\"parent_id\":\"1\",\"lft\":\"1\",\"rgt\":2,\"level\":1,\"path\":\"animations\",\"title\":\"Animations\",\"alias\":\"animations\",\"note\":\"\",\"description\":null,\"published\":1,\"checked_out\":\"0\",\"checked_out_time\":\"2018-02-26 06:42:28\",\"access\":1,\"params\":\"{}\",\"metadesc\":\"\",\"metakey\":\"\",\"metadata\":\"{}\",\"created_user_id\":\"871\",\"created_time\":\"2018-02-26 06:42:28\",\"created_by_alias\":\"\",\"modified_user_id\":\"0\",\"modified_time\":\"2018-02-26 06:42:28\",\"images\":\"{}\",\"urls\":\"{}\",\"hits\":\"0\",\"language\":\"*\",\"version\":\"1\",\"publish_up\":\"2018-02-26 06:42:28\",\"publish_down\":\"2018-02-26 06:42:28\"}', 0),
(72, 3, 8, '', '2018-10-08 18:02:57', 55, 557, 'c0edb34678c58ff31cdc044bee28948585deed14', '{\"id\":3,\"parent_id\":\"1\",\"lft\":\"3\",\"rgt\":4,\"level\":1,\"path\":\"builder\",\"title\":\"Builder\",\"alias\":\"builder\",\"note\":\"\",\"description\":null,\"published\":1,\"checked_out\":\"0\",\"checked_out_time\":\"2018-02-26 06:51:56\",\"access\":1,\"params\":\"{}\",\"metadesc\":\"\",\"metakey\":\"\",\"metadata\":\"{}\",\"created_user_id\":\"871\",\"created_time\":\"2018-02-26 06:51:56\",\"created_by_alias\":\"\",\"modified_user_id\":\"0\",\"modified_time\":\"2018-02-26 06:51:56\",\"images\":\"{}\",\"urls\":\"{}\",\"hits\":\"0\",\"language\":\"*\",\"version\":\"1\",\"publish_up\":\"2018-02-26 06:51:56\",\"publish_down\":\"2018-02-26 06:51:56\"}', 0),
(73, 4, 8, '', '2018-10-08 18:02:57', 55, 560, 'bdbac141cab03c1486f4010ded1bba033bd93755', '{\"id\":4,\"parent_id\":\"1\",\"lft\":\"5\",\"rgt\":6,\"level\":1,\"path\":\"dropdown\",\"title\":\"Dropdown\",\"alias\":\"dropdown\",\"note\":\"\",\"description\":null,\"published\":1,\"checked_out\":\"0\",\"checked_out_time\":\"2018-02-26 06:51:56\",\"access\":1,\"params\":\"{}\",\"metadesc\":\"\",\"metakey\":\"\",\"metadata\":\"{}\",\"created_user_id\":\"871\",\"created_time\":\"2018-02-26 06:51:56\",\"created_by_alias\":\"\",\"modified_user_id\":\"0\",\"modified_time\":\"2018-02-26 06:51:56\",\"images\":\"{}\",\"urls\":\"{}\",\"hits\":\"0\",\"language\":\"*\",\"version\":\"1\",\"publish_up\":\"2018-02-26 06:51:56\",\"publish_down\":\"2018-02-26 06:51:56\"}', 0),
(74, 5, 8, '', '2018-10-08 18:02:57', 55, 548, '6f8b4de9ad01f97b562f1697b821a5f06ceb1825', '{\"id\":5,\"parent_id\":\"1\",\"lft\":\"7\",\"rgt\":8,\"level\":1,\"path\":\"drag\",\"title\":\"Drag\",\"alias\":\"drag\",\"note\":\"\",\"description\":null,\"published\":1,\"checked_out\":\"0\",\"checked_out_time\":\"2018-02-26 06:51:56\",\"access\":1,\"params\":\"{}\",\"metadesc\":\"\",\"metakey\":\"\",\"metadata\":\"{}\",\"created_user_id\":\"871\",\"created_time\":\"2018-02-26 06:51:56\",\"created_by_alias\":\"\",\"modified_user_id\":\"0\",\"modified_time\":\"2018-02-26 06:51:56\",\"images\":\"{}\",\"urls\":\"{}\",\"hits\":\"0\",\"language\":\"*\",\"version\":\"1\",\"publish_up\":\"2018-02-26 06:51:56\",\"publish_down\":\"2018-02-26 06:51:56\"}', 0),
(75, 6, 8, '', '2018-10-08 18:02:57', 55, 549, 'd4530eda7a9326d3acd0bc35e5b21c4b739fca26', '{\"id\":6,\"parent_id\":\"1\",\"lft\":\"9\",\"rgt\":10,\"level\":1,\"path\":\"drop\",\"title\":\"Drop\",\"alias\":\"drop\",\"note\":\"\",\"description\":null,\"published\":1,\"checked_out\":\"0\",\"checked_out_time\":\"2018-02-26 06:51:56\",\"access\":1,\"params\":\"{}\",\"metadesc\":\"\",\"metakey\":\"\",\"metadata\":\"{}\",\"created_user_id\":\"871\",\"created_time\":\"2018-02-26 06:51:56\",\"created_by_alias\":\"\",\"modified_user_id\":\"0\",\"modified_time\":\"2018-02-26 06:51:56\",\"images\":\"{}\",\"urls\":\"{}\",\"hits\":\"0\",\"language\":\"*\",\"version\":\"1\",\"publish_up\":\"2018-02-26 06:51:56\",\"publish_down\":\"2018-02-26 06:51:56\"}', 0),
(76, 7, 8, '', '2018-10-08 18:02:57', 55, 565, '1f97921c5724fa6e309d9c3287b754a1d726c2a6', '{\"id\":7,\"parent_id\":\"1\",\"lft\":\"11\",\"rgt\":12,\"level\":1,\"path\":\"mega-menu\",\"title\":\"Mega Menu\",\"alias\":\"mega-menu\",\"note\":\"\",\"description\":null,\"published\":1,\"checked_out\":\"0\",\"checked_out_time\":\"2018-02-26 06:51:56\",\"access\":1,\"params\":\"{}\",\"metadesc\":\"\",\"metakey\":\"\",\"metadata\":\"{}\",\"created_user_id\":\"871\",\"created_time\":\"2018-02-26 06:51:56\",\"created_by_alias\":\"\",\"modified_user_id\":\"0\",\"modified_time\":\"2018-02-26 06:51:56\",\"images\":\"{}\",\"urls\":\"{}\",\"hits\":\"0\",\"language\":\"*\",\"version\":\"1\",\"publish_up\":\"2018-02-26 06:51:56\",\"publish_down\":\"2018-02-26 06:51:56\"}', 0),
(77, 8, 8, '', '2018-10-08 18:02:57', 55, 562, '5228699d9d4dd34664e7a338b6cde8fb04e21434', '{\"id\":8,\"parent_id\":\"1\",\"lft\":\"13\",\"rgt\":14,\"level\":1,\"path\":\"features\",\"title\":\"Features\",\"alias\":\"features\",\"note\":\"\",\"description\":null,\"published\":1,\"checked_out\":\"0\",\"checked_out_time\":\"2018-02-26 06:51:56\",\"access\":1,\"params\":\"{}\",\"metadesc\":\"\",\"metakey\":\"\",\"metadata\":\"{}\",\"created_user_id\":\"871\",\"created_time\":\"2018-02-26 06:51:56\",\"created_by_alias\":\"\",\"modified_user_id\":\"0\",\"modified_time\":\"2018-02-26 06:51:56\",\"images\":\"{}\",\"urls\":\"{}\",\"hits\":\"0\",\"language\":\"*\",\"version\":\"1\",\"publish_up\":\"2018-02-26 06:51:56\",\"publish_down\":\"2018-02-26 06:51:56\"}', 0),
(78, 1, 2, '', '2018-10-15 11:01:06', 55, 1729, '72602209a97b95bc2e880754a965de64c6d0c078', '{\"id\":1,\"name\":\"Contact\",\"alias\":\"contact\",\"con_position\":\"\",\"address\":\"\",\"suburb\":\"\",\"state\":\"\",\"country\":\"\",\"postcode\":\"\",\"telephone\":\"\",\"fax\":\"\",\"misc\":\"\",\"image\":\"\",\"email_to\":\"email1@example.com\",\"default_con\":0,\"published\":\"1\",\"checked_out\":\"55\",\"checked_out_time\":\"2018-10-15 10:59:36\",\"ordering\":\"1\",\"params\":\"{\\\"show_contact_category\\\":\\\"\\\",\\\"show_contact_list\\\":\\\"\\\",\\\"presentation_style\\\":\\\"\\\",\\\"show_tags\\\":\\\"\\\",\\\"show_info\\\":\\\"\\\",\\\"show_name\\\":\\\"\\\",\\\"show_position\\\":\\\"\\\",\\\"show_email\\\":\\\"\\\",\\\"add_mailto_link\\\":\\\"\\\",\\\"show_street_address\\\":\\\"\\\",\\\"show_suburb\\\":\\\"\\\",\\\"show_state\\\":\\\"\\\",\\\"show_postcode\\\":\\\"\\\",\\\"show_country\\\":\\\"\\\",\\\"show_telephone\\\":\\\"\\\",\\\"show_mobile\\\":\\\"\\\",\\\"show_fax\\\":\\\"\\\",\\\"show_webpage\\\":\\\"\\\",\\\"show_image\\\":\\\"\\\",\\\"show_misc\\\":\\\"\\\",\\\"allow_vcard\\\":\\\"\\\",\\\"show_articles\\\":\\\"\\\",\\\"articles_display_num\\\":\\\"\\\",\\\"show_profile\\\":\\\"\\\",\\\"show_links\\\":\\\"\\\",\\\"linka_name\\\":\\\"\\\",\\\"linka\\\":false,\\\"linkb_name\\\":\\\"\\\",\\\"linkb\\\":false,\\\"linkc_name\\\":\\\"\\\",\\\"linkc\\\":false,\\\"linkd_name\\\":\\\"\\\",\\\"linkd\\\":false,\\\"linke_name\\\":\\\"\\\",\\\"linke\\\":false,\\\"contact_layout\\\":\\\"\\\",\\\"show_email_form\\\":\\\"\\\",\\\"show_email_copy\\\":\\\"\\\",\\\"banned_email\\\":\\\"\\\",\\\"banned_subject\\\":\\\"\\\",\\\"banned_text\\\":\\\"\\\",\\\"validate_session\\\":\\\"\\\",\\\"custom_reply\\\":\\\"\\\",\\\"redirect\\\":\\\"\\\"}\",\"user_id\":\"871\",\"catid\":\"4\",\"access\":\"1\",\"mobile\":\"\",\"webpage\":false,\"sortname1\":\"\",\"sortname2\":\"\",\"sortname3\":\"\",\"language\":\"*\",\"created\":\"2018-10-08 18:02:57\",\"created_by\":\"55\",\"created_by_alias\":\"\",\"modified\":\"2018-10-15 11:01:06\",\"modified_by\":\"55\",\"metakey\":\"\",\"metadesc\":\"\",\"metadata\":\"{\\\"robots\\\":\\\"\\\",\\\"rights\\\":\\\"\\\"}\",\"featured\":\"0\",\"xreference\":\"\",\"publish_up\":\"0000-00-00 00:00:00\",\"publish_down\":\"0000-00-00 00:00:00\",\"version\":11,\"hits\":\"81\"}', 0),
(79, 1, 2, '', '2018-10-17 09:46:56', 55, 1728, 'd14a11fcc3ab2de60eadbf5b8df45d15f1ebedc9', '{\"id\":1,\"name\":\"Contact\",\"alias\":\"contact\",\"con_position\":\"\",\"address\":\"\",\"suburb\":\"\",\"state\":\"\",\"country\":\"\",\"postcode\":\"\",\"telephone\":\"\",\"fax\":\"\",\"misc\":\"\",\"image\":\"\",\"email_to\":\"email1@example.com\",\"default_con\":0,\"published\":\"1\",\"checked_out\":\"55\",\"checked_out_time\":\"2018-10-17 09:46:49\",\"ordering\":\"1\",\"params\":\"{\\\"show_contact_category\\\":\\\"\\\",\\\"show_contact_list\\\":\\\"\\\",\\\"presentation_style\\\":\\\"\\\",\\\"show_tags\\\":\\\"\\\",\\\"show_info\\\":\\\"\\\",\\\"show_name\\\":\\\"\\\",\\\"show_position\\\":\\\"\\\",\\\"show_email\\\":\\\"\\\",\\\"add_mailto_link\\\":\\\"\\\",\\\"show_street_address\\\":\\\"\\\",\\\"show_suburb\\\":\\\"\\\",\\\"show_state\\\":\\\"\\\",\\\"show_postcode\\\":\\\"\\\",\\\"show_country\\\":\\\"\\\",\\\"show_telephone\\\":\\\"\\\",\\\"show_mobile\\\":\\\"\\\",\\\"show_fax\\\":\\\"\\\",\\\"show_webpage\\\":\\\"\\\",\\\"show_image\\\":\\\"\\\",\\\"show_misc\\\":\\\"\\\",\\\"allow_vcard\\\":\\\"\\\",\\\"show_articles\\\":\\\"\\\",\\\"articles_display_num\\\":\\\"\\\",\\\"show_profile\\\":\\\"\\\",\\\"show_links\\\":\\\"\\\",\\\"linka_name\\\":\\\"\\\",\\\"linka\\\":false,\\\"linkb_name\\\":\\\"\\\",\\\"linkb\\\":false,\\\"linkc_name\\\":\\\"\\\",\\\"linkc\\\":false,\\\"linkd_name\\\":\\\"\\\",\\\"linkd\\\":false,\\\"linke_name\\\":\\\"\\\",\\\"linke\\\":false,\\\"contact_layout\\\":\\\"\\\",\\\"show_email_form\\\":\\\"\\\",\\\"show_email_copy\\\":\\\"\\\",\\\"banned_email\\\":\\\"\\\",\\\"banned_subject\\\":\\\"\\\",\\\"banned_text\\\":\\\"\\\",\\\"validate_session\\\":\\\"\\\",\\\"custom_reply\\\":\\\"\\\",\\\"redirect\\\":\\\"\\\"}\",\"user_id\":\"55\",\"catid\":\"4\",\"access\":\"1\",\"mobile\":\"\",\"webpage\":false,\"sortname1\":\"\",\"sortname2\":\"\",\"sortname3\":\"\",\"language\":\"*\",\"created\":\"2018-10-08 18:02:57\",\"created_by\":\"55\",\"created_by_alias\":\"\",\"modified\":\"2018-10-17 09:46:56\",\"modified_by\":\"55\",\"metakey\":\"\",\"metadesc\":\"\",\"metadata\":\"{\\\"robots\\\":\\\"\\\",\\\"rights\\\":\\\"\\\"}\",\"featured\":\"0\",\"xreference\":\"\",\"publish_up\":\"0000-00-00 00:00:00\",\"publish_down\":\"0000-00-00 00:00:00\",\"version\":12,\"hits\":\"85\"}', 0),
(80, 1, 2, '', '2019-05-31 19:19:01', 55, 1644, '719bf3134acbb4be87e6221e1e37c6f3787b36f2', '{\"id\":1,\"name\":\"Contact\",\"alias\":\"contact\",\"con_position\":\"\",\"address\":\"\",\"suburb\":\"\",\"state\":\"\",\"country\":\"\",\"postcode\":\"\",\"telephone\":\"\",\"fax\":\"\",\"misc\":\"\",\"image\":\"\",\"email_to\":\"\",\"default_con\":0,\"published\":\"1\",\"checked_out\":\"55\",\"checked_out_time\":\"2019-05-31 19:18:07\",\"ordering\":\"1\",\"params\":\"{\\\"show_contact_category\\\":\\\"\\\",\\\"show_contact_list\\\":\\\"\\\",\\\"presentation_style\\\":\\\"\\\",\\\"show_tags\\\":\\\"\\\",\\\"show_info\\\":\\\"\\\",\\\"show_name\\\":\\\"\\\",\\\"show_position\\\":\\\"\\\",\\\"show_email\\\":\\\"\\\",\\\"add_mailto_link\\\":\\\"\\\",\\\"show_street_address\\\":\\\"\\\",\\\"show_suburb\\\":\\\"\\\",\\\"show_state\\\":\\\"\\\",\\\"show_postcode\\\":\\\"\\\",\\\"show_country\\\":\\\"\\\",\\\"show_telephone\\\":\\\"\\\",\\\"show_mobile\\\":\\\"\\\",\\\"show_fax\\\":\\\"\\\",\\\"show_webpage\\\":\\\"\\\",\\\"show_image\\\":\\\"\\\",\\\"show_misc\\\":\\\"\\\",\\\"allow_vcard\\\":\\\"\\\",\\\"show_articles\\\":\\\"\\\",\\\"articles_display_num\\\":\\\"\\\",\\\"show_profile\\\":\\\"\\\",\\\"show_links\\\":\\\"\\\",\\\"linka_name\\\":\\\"\\\",\\\"linka\\\":false,\\\"linkb_name\\\":\\\"\\\",\\\"linkb\\\":false,\\\"linkc_name\\\":\\\"\\\",\\\"linkc\\\":false,\\\"linkd_name\\\":\\\"\\\",\\\"linkd\\\":false,\\\"linke_name\\\":\\\"\\\",\\\"linke\\\":false,\\\"contact_layout\\\":\\\"\\\",\\\"show_email_form\\\":\\\"\\\",\\\"show_email_copy\\\":\\\"\\\",\\\"validate_session\\\":\\\"\\\",\\\"custom_reply\\\":\\\"\\\",\\\"redirect\\\":\\\"\\\"}\",\"user_id\":\"55\",\"catid\":\"4\",\"access\":\"1\",\"mobile\":\"\",\"webpage\":false,\"sortname1\":\"\",\"sortname2\":\"\",\"sortname3\":\"\",\"language\":\"*\",\"created\":\"2018-10-08 18:02:57\",\"created_by\":\"55\",\"created_by_alias\":\"\",\"modified\":\"2019-05-31 19:19:01\",\"modified_by\":\"55\",\"metakey\":\"\",\"metadesc\":\"\",\"metadata\":\"{\\\"robots\\\":\\\"\\\",\\\"rights\\\":\\\"\\\"}\",\"featured\":\"0\",\"xreference\":\"\",\"publish_up\":\"0000-00-00 00:00:00\",\"publish_down\":\"0000-00-00 00:00:00\",\"version\":13,\"hits\":\"101\"}', 0);

-- --------------------------------------------------------

--
-- Struttura della tabella `sjt1i_updates`
--

CREATE TABLE `sjt1i_updates` (
  `update_id` int(11) NOT NULL,
  `update_site_id` int(11) DEFAULT '0',
  `extension_id` int(11) DEFAULT '0',
  `name` varchar(100) CHARACTER SET utf8 COLLATE utf8_unicode_ci DEFAULT '',
  `description` text CHARACTER SET utf8 COLLATE utf8_unicode_ci NOT NULL,
  `element` varchar(100) CHARACTER SET utf8 COLLATE utf8_unicode_ci DEFAULT '',
  `type` varchar(20) CHARACTER SET utf8 COLLATE utf8_unicode_ci DEFAULT '',
  `folder` varchar(20) CHARACTER SET utf8 COLLATE utf8_unicode_ci DEFAULT '',
  `client_id` tinyint(3) DEFAULT '0',
  `version` varchar(32) CHARACTER SET utf8 COLLATE utf8_unicode_ci DEFAULT '',
  `data` text CHARACTER SET utf8 COLLATE utf8_unicode_ci NOT NULL,
  `detailsurl` text CHARACTER SET utf8 COLLATE utf8_unicode_ci NOT NULL,
  `infourl` text CHARACTER SET utf8 COLLATE utf8_unicode_ci NOT NULL,
  `extra_query` varchar(1000) CHARACTER SET utf8 COLLATE utf8_unicode_ci DEFAULT ''
) ENGINE=InnoDB DEFAULT CHARSET=utf8 COMMENT='Available Updates';

--
-- Dump dei dati per la tabella `sjt1i_updates`
--

INSERT INTO `sjt1i_updates` (`update_id`, `update_site_id`, `extension_id`, `name`, `description`, `element`, `type`, `folder`, `client_id`, `version`, `data`, `detailsurl`, `infourl`, `extra_query`) VALUES
(1, 2, 0, 'Armenian', '', 'pkg_hy-AM', 'package', '', 0, '3.4.4.1', '', 'https://update.joomla.org/language/details3/hy-AM_details.xml', '', ''),
(2, 2, 0, 'Malay', '', 'pkg_ms-MY', 'package', '', 0, '3.4.1.2', '', 'https://update.joomla.org/language/details3/ms-MY_details.xml', '', ''),
(3, 2, 0, 'Romanian', '', 'pkg_ro-RO', 'package', '', 0, '3.9.6.1', '', 'https://update.joomla.org/language/details3/ro-RO_details.xml', '', ''),
(4, 2, 0, 'Flemish', '', 'pkg_nl-BE', 'package', '', 0, '3.9.6.1', '', 'https://update.joomla.org/language/details3/nl-BE_details.xml', '', ''),
(5, 2, 0, 'Chinese Traditional', '', 'pkg_zh-TW', 'package', '', 0, '3.8.0.1', '', 'https://update.joomla.org/language/details3/zh-TW_details.xml', '', ''),
(6, 2, 0, 'French', '', 'pkg_fr-FR', 'package', '', 0, '3.9.6.1', '', 'https://update.joomla.org/language/details3/fr-FR_details.xml', '', ''),
(7, 2, 0, 'Galician', '', 'pkg_gl-ES', 'package', '', 0, '3.3.1.2', '', 'https://update.joomla.org/language/details3/gl-ES_details.xml', '', ''),
(8, 2, 0, 'Georgian', '', 'pkg_ka-GE', 'package', '', 0, '3.9.6.1', '', 'https://update.joomla.org/language/details3/ka-GE_details.xml', '', ''),
(9, 2, 0, 'Greek', '', 'pkg_el-GR', 'package', '', 0, '3.9.6.1', '', 'https://update.joomla.org/language/details3/el-GR_details.xml', '', ''),
(10, 2, 0, 'Japanese', '', 'pkg_ja-JP', 'package', '', 0, '3.9.6.1', '', 'https://update.joomla.org/language/details3/ja-JP_details.xml', '', ''),
(11, 2, 0, 'Hebrew', '', 'pkg_he-IL', 'package', '', 0, '3.1.1.2', '', 'https://update.joomla.org/language/details3/he-IL_details.xml', '', ''),
(12, 2, 0, 'Bengali', '', 'pkg_bn-BD', 'package', '', 0, '3.8.10.1', '', 'https://update.joomla.org/language/details3/bn-BD_details.xml', '', ''),
(13, 2, 0, 'Hungarian', '', 'pkg_hu-HU', 'package', '', 0, '3.9.5.1', '', 'https://update.joomla.org/language/details3/hu-HU_details.xml', '', ''),
(14, 2, 0, 'Afrikaans', '', 'pkg_af-ZA', 'package', '', 0, '3.9.6.1', '', 'https://update.joomla.org/language/details3/af-ZA_details.xml', '', ''),
(15, 2, 0, 'Arabic Unitag', '', 'pkg_ar-AA', 'package', '', 0, '3.9.5.1', '', 'https://update.joomla.org/language/details3/ar-AA_details.xml', '', ''),
(16, 2, 0, 'Belarusian', '', 'pkg_be-BY', 'package', '', 0, '3.2.1.2', '', 'https://update.joomla.org/language/details3/be-BY_details.xml', '', ''),
(17, 2, 0, 'Bulgarian', '', 'pkg_bg-BG', 'package', '', 0, '3.6.5.2', '', 'https://update.joomla.org/language/details3/bg-BG_details.xml', '', ''),
(18, 2, 0, 'Catalan', '', 'pkg_ca-ES', 'package', '', 0, '3.8.11.1', '', 'https://update.joomla.org/language/details3/ca-ES_details.xml', '', ''),
(19, 2, 0, 'Chinese Simplified', '', 'pkg_zh-CN', 'package', '', 0, '3.9.6.1', '', 'https://update.joomla.org/language/details3/zh-CN_details.xml', '', ''),
(20, 2, 0, 'Croatian', '', 'pkg_hr-HR', 'package', '', 0, '3.8.5.1', '', 'https://update.joomla.org/language/details3/hr-HR_details.xml', '', ''),
(21, 2, 0, 'Czech', '', 'pkg_cs-CZ', 'package', '', 0, '3.9.6.1', '', 'https://update.joomla.org/language/details3/cs-CZ_details.xml', '', ''),
(22, 2, 0, 'Danish', '', 'pkg_da-DK', 'package', '', 0, '3.9.6.1', '', 'https://update.joomla.org/language/details3/da-DK_details.xml', '', ''),
(23, 2, 0, 'Dutch', '', 'pkg_nl-NL', 'package', '', 0, '3.9.6.1', '', 'https://update.joomla.org/language/details3/nl-NL_details.xml', '', ''),
(24, 2, 0, 'Esperanto', '', 'pkg_eo-XX', 'package', '', 0, '3.8.11.1', '', 'https://update.joomla.org/language/details3/eo-XX_details.xml', '', ''),
(25, 2, 0, 'Estonian', '', 'pkg_et-EE', 'package', '', 0, '3.8.10.1', '', 'https://update.joomla.org/language/details3/et-EE_details.xml', '', ''),
(26, 2, 0, 'Khmer', '', 'pkg_km-KH', 'package', '', 0, '3.4.5.1', '', 'https://update.joomla.org/language/details3/km-KH_details.xml', '', ''),
(27, 2, 0, 'Korean', '', 'pkg_ko-KR', 'package', '', 0, '3.8.9.1', '', 'https://update.joomla.org/language/details3/ko-KR_details.xml', '', ''),
(28, 2, 0, 'Latvian', '', 'pkg_lv-LV', 'package', '', 0, '3.7.3.1', '', 'https://update.joomla.org/language/details3/lv-LV_details.xml', '', ''),
(29, 2, 0, 'Lithuanian', '', 'pkg_lt-LT', 'package', '', 0, '3.8.10.1', '', 'https://update.joomla.org/language/details3/lt-LT_details.xml', '', ''),
(30, 2, 0, 'Macedonian', '', 'pkg_mk-MK', 'package', '', 0, '3.6.5.1', '', 'https://update.joomla.org/language/details3/mk-MK_details.xml', '', ''),
(31, 2, 0, 'Norwegian Bokmal', '', 'pkg_nb-NO', 'package', '', 0, '3.8.11.1', '', 'https://update.joomla.org/language/details3/nb-NO_details.xml', '', ''),
(32, 2, 0, 'Norwegian Nynorsk', '', 'pkg_nn-NO', 'package', '', 0, '3.4.2.1', '', 'https://update.joomla.org/language/details3/nn-NO_details.xml', '', ''),
(33, 2, 0, 'Persian', '', 'pkg_fa-IR', 'package', '', 0, '3.9.6.1', '', 'https://update.joomla.org/language/details3/fa-IR_details.xml', '', ''),
(34, 2, 0, 'Polish', '', 'pkg_pl-PL', 'package', '', 0, '3.9.6.1', '', 'https://update.joomla.org/language/details3/pl-PL_details.xml', '', ''),
(35, 2, 0, 'Portuguese', '', 'pkg_pt-PT', 'package', '', 0, '3.9.5.1', '', 'https://update.joomla.org/language/details3/pt-PT_details.xml', '', ''),
(36, 2, 0, 'Russian', '', 'pkg_ru-RU', 'package', '', 0, '3.9.6.2', '', 'https://update.joomla.org/language/details3/ru-RU_details.xml', '', ''),
(37, 2, 0, 'English AU', '', 'pkg_en-AU', 'package', '', 0, '3.9.6.1', '', 'https://update.joomla.org/language/details3/en-AU_details.xml', '', ''),
(38, 2, 0, 'Slovak', '', 'pkg_sk-SK', 'package', '', 0, '3.9.6.1', '', 'https://update.joomla.org/language/details3/sk-SK_details.xml', '', ''),
(39, 2, 0, 'English US', '', 'pkg_en-US', 'package', '', 0, '3.9.6.1', '', 'https://update.joomla.org/language/details3/en-US_details.xml', '', ''),
(40, 2, 0, 'Swedish', '', 'pkg_sv-SE', 'package', '', 0, '3.9.6.2', '', 'https://update.joomla.org/language/details3/sv-SE_details.xml', '', ''),
(41, 2, 0, 'Syriac', '', 'pkg_sy-IQ', 'package', '', 0, '3.4.5.1', '', 'https://update.joomla.org/language/details3/sy-IQ_details.xml', '', ''),
(42, 2, 0, 'Tamil', '', 'pkg_ta-IN', 'package', '', 0, '3.9.6.1', '', 'https://update.joomla.org/language/details3/ta-IN_details.xml', '', ''),
(43, 2, 0, 'Thai', '', 'pkg_th-TH', 'package', '', 0, '3.9.6.1', '', 'https://update.joomla.org/language/details3/th-TH_details.xml', '', ''),
(44, 2, 0, 'Turkish', '', 'pkg_tr-TR', 'package', '', 0, '3.9.4.1', '', 'https://update.joomla.org/language/details3/tr-TR_details.xml', '', ''),
(45, 2, 0, 'Ukrainian', '', 'pkg_uk-UA', 'package', '', 0, '3.7.1.1', '', 'https://update.joomla.org/language/details3/uk-UA_details.xml', '', ''),
(46, 2, 0, 'Uyghur', '', 'pkg_ug-CN', 'package', '', 0, '3.7.5.1', '', 'https://update.joomla.org/language/details3/ug-CN_details.xml', '', ''),
(47, 2, 0, 'Albanian', '', 'pkg_sq-AL', 'package', '', 0, '3.1.1.2', '', 'https://update.joomla.org/language/details3/sq-AL_details.xml', '', ''),
(48, 2, 0, 'Basque', '', 'pkg_eu-ES', 'package', '', 0, '3.7.5.1', '', 'https://update.joomla.org/language/details3/eu-ES_details.xml', '', ''),
(49, 2, 0, 'Hindi', '', 'pkg_hi-IN', 'package', '', 0, '3.3.6.2', '', 'https://update.joomla.org/language/details3/hi-IN_details.xml', '', ''),
(50, 2, 0, 'German DE', '', 'pkg_de-DE', 'package', '', 0, '3.9.6.1', '', 'https://update.joomla.org/language/details3/de-DE_details.xml', '', ''),
(51, 2, 0, 'Portuguese Brazil', '', 'pkg_pt-BR', 'package', '', 0, '3.9.6.1', '', 'https://update.joomla.org/language/details3/pt-BR_details.xml', '', ''),
(52, 2, 0, 'Serbian Latin', '', 'pkg_sr-YU', 'package', '', 0, '3.9.6.1', '', 'https://update.joomla.org/language/details3/sr-YU_details.xml', '', ''),
(53, 2, 0, 'Spanish', '', 'pkg_es-ES', 'package', '', 0, '3.9.5.1', '', 'https://update.joomla.org/language/details3/es-ES_details.xml', '', ''),
(54, 2, 0, 'Bosnian', '', 'pkg_bs-BA', 'package', '', 0, '3.9.6.1', '', 'https://update.joomla.org/language/details3/bs-BA_details.xml', '', ''),
(55, 2, 0, 'Serbian Cyrillic', '', 'pkg_sr-RS', 'package', '', 0, '3.9.6.1', '', 'https://update.joomla.org/language/details3/sr-RS_details.xml', '', ''),
(56, 2, 0, 'Vietnamese', '', 'pkg_vi-VN', 'package', '', 0, '3.2.1.2', '', 'https://update.joomla.org/language/details3/vi-VN_details.xml', '', ''),
(57, 2, 0, 'Bahasa Indonesia', '', 'pkg_id-ID', 'package', '', 0, '3.6.2.1', '', 'https://update.joomla.org/language/details3/id-ID_details.xml', '', ''),
(58, 2, 0, 'Finnish', '', 'pkg_fi-FI', 'package', '', 0, '3.9.6.1', '', 'https://update.joomla.org/language/details3/fi-FI_details.xml', '', ''),
(59, 2, 0, 'Swahili', '', 'pkg_sw-KE', 'package', '', 0, '3.9.6.1', '', 'https://update.joomla.org/language/details3/sw-KE_details.xml', '', ''),
(60, 2, 0, 'Montenegrin', '', 'pkg_srp-ME', 'package', '', 0, '3.3.1.2', '', 'https://update.joomla.org/language/details3/srp-ME_details.xml', '', ''),
(61, 2, 0, 'English CA', '', 'pkg_en-CA', 'package', '', 0, '3.9.6.1', '', 'https://update.joomla.org/language/details3/en-CA_details.xml', '', ''),
(62, 2, 0, 'French CA', '', 'pkg_fr-CA', 'package', '', 0, '3.6.5.1', '', 'https://update.joomla.org/language/details3/fr-CA_details.xml', '', ''),
(63, 2, 0, 'Welsh', '', 'pkg_cy-GB', 'package', '', 0, '3.9.2.1', '', 'https://update.joomla.org/language/details3/cy-GB_details.xml', '', ''),
(64, 2, 0, 'Sinhala', '', 'pkg_si-LK', 'package', '', 0, '3.3.1.2', '', 'https://update.joomla.org/language/details3/si-LK_details.xml', '', ''),
(65, 2, 0, 'Dari Persian', '', 'pkg_prs-AF', 'package', '', 0, '3.4.4.2', '', 'https://update.joomla.org/language/details3/prs-AF_details.xml', '', ''),
(66, 2, 0, 'Turkmen', '', 'pkg_tk-TM', 'package', '', 0, '3.5.0.2', '', 'https://update.joomla.org/language/details3/tk-TM_details.xml', '', ''),
(67, 2, 0, 'Irish', '', 'pkg_ga-IE', 'package', '', 0, '3.8.13.1', '', 'https://update.joomla.org/language/details3/ga-IE_details.xml', '', ''),
(68, 2, 0, 'Dzongkha', '', 'pkg_dz-BT', 'package', '', 0, '3.6.2.1', '', 'https://update.joomla.org/language/details3/dz-BT_details.xml', '', ''),
(69, 2, 0, 'Slovenian', '', 'pkg_sl-SI', 'package', '', 0, '3.9.6.1', '', 'https://update.joomla.org/language/details3/sl-SI_details.xml', '', ''),
(70, 2, 0, 'Spanish CO', '', 'pkg_es-CO', 'package', '', 0, '3.9.6.1', '', 'https://update.joomla.org/language/details3/es-CO_details.xml', '', ''),
(71, 2, 0, 'German CH', '', 'pkg_de-CH', 'package', '', 0, '3.9.6.1', '', 'https://update.joomla.org/language/details3/de-CH_details.xml', '', ''),
(72, 2, 0, 'German AT', '', 'pkg_de-AT', 'package', '', 0, '3.9.6.1', '', 'https://update.joomla.org/language/details3/de-AT_details.xml', '', ''),
(73, 2, 0, 'German LI', '', 'pkg_de-LI', 'package', '', 0, '3.9.6.1', '', 'https://update.joomla.org/language/details3/de-LI_details.xml', '', ''),
(74, 2, 0, 'German LU', '', 'pkg_de-LU', 'package', '', 0, '3.9.6.1', '', 'https://update.joomla.org/language/details3/de-LU_details.xml', '', ''),
(75, 2, 0, 'English NZ', '', 'pkg_en-NZ', 'package', '', 0, '3.9.6.1', '', 'https://update.joomla.org/language/details3/en-NZ_details.xml', '', ''),
(76, 2, 0, 'Kazakh', '', 'pkg_kk-KZ', 'package', '', 0, '3.9.6.1', '', 'https://update.joomla.org/language/details3/kk-KZ_details.xml', '', ''),
(77, 8, 0, 'SP Easy Image Gallery Module', '', '', 'module', '', 0, '1.5.1', '', 'https://www.joomshaper.com/updates/mod-sp-easyimagegallery.xml', '', ''),
(78, 9, 0, 'SP Simple Portfolio Module', '', '', 'module', '', 0, '1.6', '', 'http://www.joomshaper.com/updates/mod-sp-simple-portfolio.xml', '', ''),
(79, 12, 0, 'Akeeba Frontend Framework (FEF)', 'Akeeba Frontend Framework (FEF)', 'file_fef', 'file', '', 1, '1.0.7', '', 'http://cdn.akeebabackup.com/updates/fef.xml', 'https://www.akeebabackup.com/component/ars/?view=Items&release_id=2974', ''),
(80, 17, 0, 'System - SP Cookie Consent', '', '', 'plugin', 'spcookieconsent', 0, '1.0', '', 'http://www.joomshaper.com/updates/plg-system-cookieconsent.xml', '', ''),
(81, 18, 0, 'FOF 3.x Stable', 'FOF 3.x Stable', 'lib_fof30', 'library', '', 1, '3.4.3', '', 'http://cdn.akeebabackup.com/updates/fof3_file.xml', 'https://www.akeebabackup.com/component/ars/?view=Items&release_id=3033', ''),
(82, 6, 10007, 'SP Simple Portfolio', '', 'com_spsimpleportfolio', 'component', '', 1, '1.7', '', 'http://www.joomshaper.com/updates/com-sp-simple-portfolio.xml', '', ''),
(83, 9, 0, 'SP Simple Portfolio Module', '', '', 'module', '', 0, '1.7', '', 'http://www.joomshaper.com/updates/mod-sp-simple-portfolio.xml', '', ''),
(84, 9, 0, 'SP Simple Portfolio Module', '', '', 'module', '', 0, '1.7', '', 'http://www.joomshaper.com/updates/mod-sp-simple-portfolio.xml', '', ''),
(85, 9, 0, 'SP Simple Portfolio Module', '', '', 'module', '', 0, '1.7', '', 'http://www.joomshaper.com/updates/mod-sp-simple-portfolio.xml', '', ''),
(86, 13, 10018, 'Akeeba Backup Core package', 'Akeeba Backup Core package', 'pkg_akeeba', 'package', '', 0, '6.5.1', '', 'https://cdn.akeebabackup.com/updates/pkgakeebacore.xml', 'https://www.akeebabackup.com/component/ars/?view=Items&release_id=3052', ''),
(87, 18, 0, 'FOF 3.x Stable', 'FOF 3.x Stable', 'lib_fof30', 'library', '', 1, '3.4.4', '', 'http://cdn.akeebabackup.com/updates/fof3_file.xml', 'https://www.akeebabackup.com/component/ars/?view=Items&release_id=3046', ''),
(88, 9, 0, 'SP Simple Portfolio Module', '', '', 'module', '', 0, '1.7', '', 'http://www.joomshaper.com/updates/mod-sp-simple-portfolio.xml', '', ''),
(89, 18, 0, 'FOF 3.x Stable', 'FOF 3.x Stable', 'lib_fof30', 'library', '', 1, '3.4.4', '', 'http://cdn.akeebabackup.com/updates/fof3_file.xml', 'https://www.akeebabackup.com/component/ars/?view=Items&release_id=3046', ''),
(90, 9, 0, 'SP Simple Portfolio Module', '', '', 'module', '', 0, '1.7', '', 'http://www.joomshaper.com/updates/mod-sp-simple-portfolio.xml', '', ''),
(91, 18, 0, 'FOF 3.x Stable', 'FOF 3.x Stable', 'lib_fof30', 'library', '', 1, '3.4.4', '', 'http://cdn.akeebabackup.com/updates/fof3_file.xml', 'https://www.akeebabackup.com/component/ars/?view=Items&release_id=3046', '');

-- --------------------------------------------------------

--
-- Struttura della tabella `sjt1i_update_sites`
--

CREATE TABLE `sjt1i_update_sites` (
  `update_site_id` int(11) NOT NULL,
  `name` varchar(100) CHARACTER SET utf8 COLLATE utf8_unicode_ci DEFAULT '',
  `type` varchar(20) CHARACTER SET utf8 COLLATE utf8_unicode_ci DEFAULT '',
  `location` text CHARACTER SET utf8 COLLATE utf8_unicode_ci NOT NULL,
  `enabled` int(11) DEFAULT '0',
  `last_check_timestamp` bigint(20) DEFAULT '0',
  `extra_query` varchar(1000) CHARACTER SET utf8 COLLATE utf8_unicode_ci DEFAULT ''
) ENGINE=InnoDB DEFAULT CHARSET=utf8 COMMENT='Update Sites';

--
-- Dump dei dati per la tabella `sjt1i_update_sites`
--

INSERT INTO `sjt1i_update_sites` (`update_site_id`, `name`, `type`, `location`, `enabled`, `last_check_timestamp`, `extra_query`) VALUES
(1, 'Joomla! Core', 'collection', 'https://update.joomla.org/core/list.xml', 1, 1559334448, ''),
(2, 'Accredited Joomla! Translations', 'collection', 'https://update.joomla.org/language/translationlist_3.xml', 1, 1559331865, ''),
(3, 'Joomla! Update Component Update Site', 'extension', 'https://update.joomla.org/core/extensions/com_joomlaupdate.xml', 1, 1559331866, ''),
(4, 'System - Helix Ultimate Framework', 'extension', 'http://www.joomshaper.com/updates/plg-system-helixultimate.xml', 1, 1559331866, ''),
(6, 'SP Simple Portfolio', 'extension', 'http://www.joomshaper.com/updates/com-sp-simple-portfolio.xml', 1, 1559331867, ''),
(7, 'SP Easy Image Gallery', 'extension', 'https://www.joomshaper.com/updates/com-sp-easyimagegallery.xml', 1, 1559331868, ''),
(8, 'SP Easy Image Gallery Module', 'extension', 'https://www.joomshaper.com/updates/mod-sp-easyimagegallery.xml', 1, 1559331868, ''),
(9, 'SP Simple Portfolio Module', 'extension', 'http://www.joomshaper.com/updates/mod-sp-simple-portfolio.xml', 1, 1559331868, ''),
(10, 'WebInstaller Update Site', 'extension', 'https://appscdn.joomla.org/webapps/jedapps/webinstaller.xml', 1, 1559331869, ''),
(12, 'Akeeba FEF', 'extension', 'http://cdn.akeebabackup.com/updates/fef.xml', 1, 1559331870, ''),
(13, 'Akeeba Backup Core', 'extension', 'https://cdn.akeebabackup.com/updates/pkgakeebacore.xml', 1, 1559331870, ''),
(14, 'CreativeContactForm', 'extension', 'http://creative-solutions.net/jupdate.php?product=creativecontactform', 1, 1559331871, ''),
(15, 'shaper_helixultimate', 'extension', 'https://www.joomshaper.com/updates/shaper-helixultimate.xml', 0, 0, ''),
(16, 'K2 Updates', 'extension', 'http://getk2.org/app/update.xml', 1, 1559331871, ''),
(17, 'System - SP Cookie Consent', 'extension', 'http://www.joomshaper.com/updates/plg-system-cookieconsent.xml', 1, 1559331871, ''),
(18, 'FOF 3.x', 'extension', 'http://cdn.akeebabackup.com/updates/fof3_file.xml', 1, 1559331872, '');

-- --------------------------------------------------------

--
-- Struttura della tabella `sjt1i_update_sites_extensions`
--

CREATE TABLE `sjt1i_update_sites_extensions` (
  `update_site_id` int(11) NOT NULL DEFAULT '0',
  `extension_id` int(11) NOT NULL DEFAULT '0'
) ENGINE=InnoDB DEFAULT CHARSET=utf8 COMMENT='Links extensions to update sites';

--
-- Dump dei dati per la tabella `sjt1i_update_sites_extensions`
--

INSERT INTO `sjt1i_update_sites_extensions` (`update_site_id`, `extension_id`) VALUES
(1, 700),
(2, 802),
(2, 10044),
(3, 28),
(4, 10004),
(6, 10007),
(7, 10008),
(8, 10009),
(9, 10010),
(10, 10012),
(12, 10019),
(13, 10018),
(14, 10022),
(15, 10039),
(16, 10026),
(17, 10038),
(18, 10045);

-- --------------------------------------------------------

--
-- Struttura della tabella `sjt1i_usergroups`
--

CREATE TABLE `sjt1i_usergroups` (
  `id` int(10) UNSIGNED NOT NULL COMMENT 'Primary Key',
  `parent_id` int(10) UNSIGNED NOT NULL DEFAULT '0' COMMENT 'Adjacency List Reference Id',
  `lft` int(11) NOT NULL DEFAULT '0' COMMENT 'Nested set lft.',
  `rgt` int(11) NOT NULL DEFAULT '0' COMMENT 'Nested set rgt.',
  `title` varchar(100) CHARACTER SET utf8 COLLATE utf8_unicode_ci NOT NULL DEFAULT ''
) ENGINE=InnoDB DEFAULT CHARSET=utf8;

--
-- Dump dei dati per la tabella `sjt1i_usergroups`
--

INSERT INTO `sjt1i_usergroups` (`id`, `parent_id`, `lft`, `rgt`, `title`) VALUES
(1, 0, 1, 18, 'Public'),
(2, 1, 8, 15, 'Registered'),
(3, 2, 9, 14, 'Author'),
(4, 3, 10, 13, 'Editor'),
(5, 4, 11, 12, 'Publisher'),
(6, 1, 4, 7, 'Manager'),
(7, 6, 5, 6, 'Administrator'),
(8, 1, 16, 17, 'Super Users'),
(9, 1, 2, 3, 'Guest');

-- --------------------------------------------------------

--
-- Struttura della tabella `sjt1i_users`
--

CREATE TABLE `sjt1i_users` (
  `id` int(11) NOT NULL,
  `name` varchar(400) CHARACTER SET utf8 COLLATE utf8_unicode_ci NOT NULL DEFAULT '',
  `username` varchar(150) CHARACTER SET utf8 COLLATE utf8_unicode_ci NOT NULL DEFAULT '',
  `email` varchar(100) CHARACTER SET utf8 COLLATE utf8_unicode_ci NOT NULL DEFAULT '',
  `password` varchar(100) CHARACTER SET utf8 COLLATE utf8_unicode_ci NOT NULL DEFAULT '',
  `block` tinyint(4) NOT NULL DEFAULT '0',
  `sendEmail` tinyint(4) DEFAULT '0',
  `registerDate` datetime NOT NULL DEFAULT '0000-00-00 00:00:00',
  `lastvisitDate` datetime NOT NULL DEFAULT '0000-00-00 00:00:00',
  `activation` varchar(100) CHARACTER SET utf8 COLLATE utf8_unicode_ci NOT NULL DEFAULT '',
  `params` text CHARACTER SET utf8 COLLATE utf8_unicode_ci NOT NULL,
  `lastResetTime` datetime NOT NULL DEFAULT '0000-00-00 00:00:00' COMMENT 'Date of last password reset',
  `resetCount` int(11) NOT NULL DEFAULT '0' COMMENT 'Count of password resets since lastResetTime',
  `otpKey` varchar(1000) CHARACTER SET utf8 COLLATE utf8_unicode_ci NOT NULL DEFAULT '' COMMENT 'Two factor authentication encrypted keys',
  `otep` varchar(1000) CHARACTER SET utf8 COLLATE utf8_unicode_ci NOT NULL DEFAULT '' COMMENT 'One time emergency passwords',
  `requireReset` tinyint(4) NOT NULL DEFAULT '0' COMMENT 'Require user to reset password on next login'
) ENGINE=InnoDB DEFAULT CHARSET=utf8;

--
-- Dump dei dati per la tabella `sjt1i_users`
--

INSERT INTO `sjt1i_users` (`id`, `name`, `username`, `email`, `password`, `block`, `sendEmail`, `registerDate`, `lastvisitDate`, `activation`, `params`, `lastResetTime`, `resetCount`, `otpKey`, `otep`, `requireReset`) VALUES
(55, 'Super User', 'admin', 'migliosj@gmail.com', '$2y$10$h8mIIpu/WCVkuK2f7jShmuBGYC1LatTnr4j9158Xf32XlBAZkkyvG', 0, 1, '2018-10-08 18:02:57', '2019-05-31 19:08:13', '0', '', '0000-00-00 00:00:00', 0, '', '', 0);

-- --------------------------------------------------------

--
-- Struttura della tabella `sjt1i_user_keys`
--

CREATE TABLE `sjt1i_user_keys` (
  `id` int(10) UNSIGNED NOT NULL,
  `user_id` varchar(150) CHARACTER SET utf8 COLLATE utf8_unicode_ci NOT NULL,
  `token` varchar(255) CHARACTER SET utf8 COLLATE utf8_unicode_ci NOT NULL,
  `series` varchar(191) CHARACTER SET utf8 COLLATE utf8_unicode_ci NOT NULL,
  `invalid` tinyint(4) NOT NULL,
  `time` varchar(200) CHARACTER SET utf8 COLLATE utf8_unicode_ci NOT NULL,
  `uastring` varchar(255) CHARACTER SET utf8 COLLATE utf8_unicode_ci NOT NULL
) ENGINE=InnoDB DEFAULT CHARSET=utf8;

-- --------------------------------------------------------

--
-- Struttura della tabella `sjt1i_user_notes`
--

CREATE TABLE `sjt1i_user_notes` (
  `id` int(10) UNSIGNED NOT NULL,
  `user_id` int(10) UNSIGNED NOT NULL DEFAULT '0',
  `catid` int(10) UNSIGNED NOT NULL DEFAULT '0',
  `subject` varchar(100) CHARACTER SET utf8 COLLATE utf8_unicode_ci NOT NULL DEFAULT '',
  `body` text CHARACTER SET utf8 COLLATE utf8_unicode_ci NOT NULL,
  `state` tinyint(3) NOT NULL DEFAULT '0',
  `checked_out` int(10) UNSIGNED NOT NULL DEFAULT '0',
  `checked_out_time` datetime NOT NULL DEFAULT '0000-00-00 00:00:00',
  `created_user_id` int(10) UNSIGNED NOT NULL DEFAULT '0',
  `created_time` datetime NOT NULL DEFAULT '0000-00-00 00:00:00',
  `modified_user_id` int(10) UNSIGNED NOT NULL,
  `modified_time` datetime NOT NULL DEFAULT '0000-00-00 00:00:00',
  `review_time` datetime NOT NULL DEFAULT '0000-00-00 00:00:00',
  `publish_up` datetime NOT NULL DEFAULT '0000-00-00 00:00:00',
  `publish_down` datetime NOT NULL DEFAULT '0000-00-00 00:00:00'
) ENGINE=InnoDB DEFAULT CHARSET=utf8;

-- --------------------------------------------------------

--
-- Struttura della tabella `sjt1i_user_profiles`
--

CREATE TABLE `sjt1i_user_profiles` (
  `user_id` int(11) NOT NULL,
  `profile_key` varchar(100) CHARACTER SET utf8 COLLATE utf8_unicode_ci NOT NULL,
  `profile_value` text CHARACTER SET utf8 COLLATE utf8_unicode_ci NOT NULL,
  `ordering` int(11) NOT NULL DEFAULT '0'
) ENGINE=InnoDB DEFAULT CHARSET=utf8 COMMENT='Simple user profile storage table';

-- --------------------------------------------------------

--
-- Struttura della tabella `sjt1i_user_usergroup_map`
--

CREATE TABLE `sjt1i_user_usergroup_map` (
  `user_id` int(10) UNSIGNED NOT NULL DEFAULT '0' COMMENT 'Foreign Key to #__users.id',
  `group_id` int(10) UNSIGNED NOT NULL DEFAULT '0' COMMENT 'Foreign Key to #__usergroups.id'
) ENGINE=InnoDB DEFAULT CHARSET=utf8;

--
-- Dump dei dati per la tabella `sjt1i_user_usergroup_map`
--

INSERT INTO `sjt1i_user_usergroup_map` (`user_id`, `group_id`) VALUES
(55, 8);

-- --------------------------------------------------------

--
-- Struttura della tabella `sjt1i_utf8_conversion`
--

CREATE TABLE `sjt1i_utf8_conversion` (
  `converted` tinyint(4) NOT NULL DEFAULT '0'
) ENGINE=InnoDB DEFAULT CHARSET=utf8;

--
-- Dump dei dati per la tabella `sjt1i_utf8_conversion`
--

INSERT INTO `sjt1i_utf8_conversion` (`converted`) VALUES
(2);

-- --------------------------------------------------------

--
-- Struttura della tabella `sjt1i_viewlevels`
--

CREATE TABLE `sjt1i_viewlevels` (
  `id` int(10) UNSIGNED NOT NULL COMMENT 'Primary Key',
  `title` varchar(100) CHARACTER SET utf8 COLLATE utf8_unicode_ci NOT NULL DEFAULT '',
  `ordering` int(11) NOT NULL DEFAULT '0',
  `rules` varchar(5120) CHARACTER SET utf8 COLLATE utf8_unicode_ci NOT NULL COMMENT 'JSON encoded access control.'
) ENGINE=InnoDB DEFAULT CHARSET=utf8;

--
-- Dump dei dati per la tabella `sjt1i_viewlevels`
--

INSERT INTO `sjt1i_viewlevels` (`id`, `title`, `ordering`, `rules`) VALUES
(1, 'Public', 0, '[1]'),
(2, 'Registered', 2, '[6,2,8]'),
(3, 'Special', 3, '[6,3,8]'),
(5, 'Guest', 1, '[9]'),
(6, 'Super Users', 4, '[8]');

--
-- Indici per le tabelle scaricate
--

--
-- Indici per le tabelle `sjt1i_action_logs`
--
ALTER TABLE `sjt1i_action_logs`
  ADD PRIMARY KEY (`id`),
  ADD KEY `idx_user_id` (`user_id`),
  ADD KEY `idx_user_id_logdate` (`user_id`,`log_date`),
  ADD KEY `idx_user_id_extension` (`user_id`,`extension`),
  ADD KEY `idx_extension_item_id` (`extension`,`item_id`);

--
-- Indici per le tabelle `sjt1i_action_logs_extensions`
--
ALTER TABLE `sjt1i_action_logs_extensions`
  ADD PRIMARY KEY (`id`);

--
-- Indici per le tabelle `sjt1i_action_logs_users`
--
ALTER TABLE `sjt1i_action_logs_users`
  ADD PRIMARY KEY (`user_id`),
  ADD KEY `idx_notify` (`notify`);

--
-- Indici per le tabelle `sjt1i_action_log_config`
--
ALTER TABLE `sjt1i_action_log_config`
  ADD PRIMARY KEY (`id`);

--
-- Indici per le tabelle `sjt1i_akeeba_common`
--
ALTER TABLE `sjt1i_akeeba_common`
  ADD PRIMARY KEY (`key`);

--
-- Indici per le tabelle `sjt1i_ak_profiles`
--
ALTER TABLE `sjt1i_ak_profiles`
  ADD PRIMARY KEY (`id`);

--
-- Indici per le tabelle `sjt1i_ak_stats`
--
ALTER TABLE `sjt1i_ak_stats`
  ADD PRIMARY KEY (`id`),
  ADD KEY `idx_fullstatus` (`filesexist`,`status`),
  ADD KEY `idx_stale` (`status`,`origin`);

--
-- Indici per le tabelle `sjt1i_ak_storage`
--
ALTER TABLE `sjt1i_ak_storage`
  ADD PRIMARY KEY (`tag`(100));

--
-- Indici per le tabelle `sjt1i_assets`
--
ALTER TABLE `sjt1i_assets`
  ADD PRIMARY KEY (`id`),
  ADD UNIQUE KEY `idx_asset_name` (`name`),
  ADD KEY `idx_lft_rgt` (`lft`,`rgt`),
  ADD KEY `idx_parent_id` (`parent_id`);

--
-- Indici per le tabelle `sjt1i_associations`
--
ALTER TABLE `sjt1i_associations`
  ADD PRIMARY KEY (`context`,`id`),
  ADD KEY `idx_key` (`key`);

--
-- Indici per le tabelle `sjt1i_banners`
--
ALTER TABLE `sjt1i_banners`
  ADD PRIMARY KEY (`id`),
  ADD KEY `idx_state` (`state`),
  ADD KEY `idx_own_prefix` (`own_prefix`),
  ADD KEY `idx_metakey_prefix` (`metakey_prefix`(100)),
  ADD KEY `idx_banner_catid` (`catid`),
  ADD KEY `idx_language` (`language`);

--
-- Indici per le tabelle `sjt1i_banner_clients`
--
ALTER TABLE `sjt1i_banner_clients`
  ADD PRIMARY KEY (`id`),
  ADD KEY `idx_own_prefix` (`own_prefix`),
  ADD KEY `idx_metakey_prefix` (`metakey_prefix`(100));

--
-- Indici per le tabelle `sjt1i_banner_tracks`
--
ALTER TABLE `sjt1i_banner_tracks`
  ADD PRIMARY KEY (`track_date`,`track_type`,`banner_id`),
  ADD KEY `idx_track_date` (`track_date`),
  ADD KEY `idx_track_type` (`track_type`),
  ADD KEY `idx_banner_id` (`banner_id`);

--
-- Indici per le tabelle `sjt1i_categories`
--
ALTER TABLE `sjt1i_categories`
  ADD PRIMARY KEY (`id`),
  ADD KEY `cat_idx` (`extension`,`published`,`access`),
  ADD KEY `idx_access` (`access`),
  ADD KEY `idx_checkout` (`checked_out`),
  ADD KEY `idx_path` (`path`(100)),
  ADD KEY `idx_left_right` (`lft`,`rgt`),
  ADD KEY `idx_alias` (`alias`(100)),
  ADD KEY `idx_language` (`language`);

--
-- Indici per le tabelle `sjt1i_contact_details`
--
ALTER TABLE `sjt1i_contact_details`
  ADD PRIMARY KEY (`id`),
  ADD KEY `idx_access` (`access`),
  ADD KEY `idx_checkout` (`checked_out`),
  ADD KEY `idx_state` (`published`),
  ADD KEY `idx_catid` (`catid`),
  ADD KEY `idx_createdby` (`created_by`),
  ADD KEY `idx_featured_catid` (`featured`,`catid`),
  ADD KEY `idx_language` (`language`),
  ADD KEY `idx_xreference` (`xreference`);

--
-- Indici per le tabelle `sjt1i_contact_templates`
--
ALTER TABLE `sjt1i_contact_templates`
  ADD PRIMARY KEY (`id`);

--
-- Indici per le tabelle `sjt1i_content`
--
ALTER TABLE `sjt1i_content`
  ADD PRIMARY KEY (`id`),
  ADD KEY `idx_access` (`access`),
  ADD KEY `idx_checkout` (`checked_out`),
  ADD KEY `idx_state` (`state`),
  ADD KEY `idx_catid` (`catid`),
  ADD KEY `idx_createdby` (`created_by`),
  ADD KEY `idx_featured_catid` (`featured`,`catid`),
  ADD KEY `idx_language` (`language`),
  ADD KEY `idx_xreference` (`xreference`),
  ADD KEY `idx_alias` (`alias`(191));

--
-- Indici per le tabelle `sjt1i_contentitem_tag_map`
--
ALTER TABLE `sjt1i_contentitem_tag_map`
  ADD UNIQUE KEY `uc_ItemnameTagid` (`type_id`,`content_item_id`,`tag_id`),
  ADD KEY `idx_tag_type` (`tag_id`,`type_id`),
  ADD KEY `idx_date_id` (`tag_date`,`tag_id`),
  ADD KEY `idx_core_content_id` (`core_content_id`);

--
-- Indici per le tabelle `sjt1i_content_frontpage`
--
ALTER TABLE `sjt1i_content_frontpage`
  ADD PRIMARY KEY (`content_id`);

--
-- Indici per le tabelle `sjt1i_content_rating`
--
ALTER TABLE `sjt1i_content_rating`
  ADD PRIMARY KEY (`content_id`);

--
-- Indici per le tabelle `sjt1i_content_types`
--
ALTER TABLE `sjt1i_content_types`
  ADD PRIMARY KEY (`type_id`),
  ADD KEY `idx_alias` (`type_alias`(100));

--
-- Indici per le tabelle `sjt1i_creative_fields`
--
ALTER TABLE `sjt1i_creative_fields`
  ADD PRIMARY KEY (`id`),
  ADD KEY `id_user` (`id_user`),
  ADD KEY `id_form` (`id_form`);

--
-- Indici per le tabelle `sjt1i_creative_field_types`
--
ALTER TABLE `sjt1i_creative_field_types`
  ADD PRIMARY KEY (`id`);

--
-- Indici per le tabelle `sjt1i_creative_forms`
--
ALTER TABLE `sjt1i_creative_forms`
  ADD PRIMARY KEY (`id`);

--
-- Indici per le tabelle `sjt1i_creative_form_options`
--
ALTER TABLE `sjt1i_creative_form_options`
  ADD PRIMARY KEY (`id`);

--
-- Indici per le tabelle `sjt1i_creative_submissions`
--
ALTER TABLE `sjt1i_creative_submissions`
  ADD PRIMARY KEY (`id`);

--
-- Indici per le tabelle `sjt1i_extensions`
--
ALTER TABLE `sjt1i_extensions`
  ADD PRIMARY KEY (`extension_id`),
  ADD KEY `element_clientid` (`element`,`client_id`),
  ADD KEY `element_folder_clientid` (`element`,`folder`,`client_id`),
  ADD KEY `extension` (`type`,`element`,`folder`,`client_id`);

--
-- Indici per le tabelle `sjt1i_fields`
--
ALTER TABLE `sjt1i_fields`
  ADD PRIMARY KEY (`id`),
  ADD KEY `idx_checkout` (`checked_out`),
  ADD KEY `idx_state` (`state`),
  ADD KEY `idx_created_user_id` (`created_user_id`),
  ADD KEY `idx_access` (`access`),
  ADD KEY `idx_context` (`context`(191)),
  ADD KEY `idx_language` (`language`);

--
-- Indici per le tabelle `sjt1i_fields_categories`
--
ALTER TABLE `sjt1i_fields_categories`
  ADD PRIMARY KEY (`field_id`,`category_id`);

--
-- Indici per le tabelle `sjt1i_fields_groups`
--
ALTER TABLE `sjt1i_fields_groups`
  ADD PRIMARY KEY (`id`),
  ADD KEY `idx_checkout` (`checked_out`),
  ADD KEY `idx_state` (`state`),
  ADD KEY `idx_created_by` (`created_by`),
  ADD KEY `idx_access` (`access`),
  ADD KEY `idx_context` (`context`(191)),
  ADD KEY `idx_language` (`language`);

--
-- Indici per le tabelle `sjt1i_fields_values`
--
ALTER TABLE `sjt1i_fields_values`
  ADD KEY `idx_field_id` (`field_id`),
  ADD KEY `idx_item_id` (`item_id`(191));

--
-- Indici per le tabelle `sjt1i_finder_filters`
--
ALTER TABLE `sjt1i_finder_filters`
  ADD PRIMARY KEY (`filter_id`);

--
-- Indici per le tabelle `sjt1i_finder_links`
--
ALTER TABLE `sjt1i_finder_links`
  ADD PRIMARY KEY (`link_id`),
  ADD KEY `idx_type` (`type_id`),
  ADD KEY `idx_title` (`title`(100)),
  ADD KEY `idx_md5` (`md5sum`),
  ADD KEY `idx_url` (`url`(75)),
  ADD KEY `idx_published_list` (`published`,`state`,`access`,`publish_start_date`,`publish_end_date`,`list_price`),
  ADD KEY `idx_published_sale` (`published`,`state`,`access`,`publish_start_date`,`publish_end_date`,`sale_price`);

--
-- Indici per le tabelle `sjt1i_finder_links_terms0`
--
ALTER TABLE `sjt1i_finder_links_terms0`
  ADD PRIMARY KEY (`link_id`,`term_id`),
  ADD KEY `idx_term_weight` (`term_id`,`weight`),
  ADD KEY `idx_link_term_weight` (`link_id`,`term_id`,`weight`);

--
-- Indici per le tabelle `sjt1i_finder_links_terms1`
--
ALTER TABLE `sjt1i_finder_links_terms1`
  ADD PRIMARY KEY (`link_id`,`term_id`),
  ADD KEY `idx_term_weight` (`term_id`,`weight`),
  ADD KEY `idx_link_term_weight` (`link_id`,`term_id`,`weight`);

--
-- Indici per le tabelle `sjt1i_finder_links_terms2`
--
ALTER TABLE `sjt1i_finder_links_terms2`
  ADD PRIMARY KEY (`link_id`,`term_id`),
  ADD KEY `idx_term_weight` (`term_id`,`weight`),
  ADD KEY `idx_link_term_weight` (`link_id`,`term_id`,`weight`);

--
-- Indici per le tabelle `sjt1i_finder_links_terms3`
--
ALTER TABLE `sjt1i_finder_links_terms3`
  ADD PRIMARY KEY (`link_id`,`term_id`),
  ADD KEY `idx_term_weight` (`term_id`,`weight`),
  ADD KEY `idx_link_term_weight` (`link_id`,`term_id`,`weight`);

--
-- Indici per le tabelle `sjt1i_finder_links_terms4`
--
ALTER TABLE `sjt1i_finder_links_terms4`
  ADD PRIMARY KEY (`link_id`,`term_id`),
  ADD KEY `idx_term_weight` (`term_id`,`weight`),
  ADD KEY `idx_link_term_weight` (`link_id`,`term_id`,`weight`);

--
-- Indici per le tabelle `sjt1i_finder_links_terms5`
--
ALTER TABLE `sjt1i_finder_links_terms5`
  ADD PRIMARY KEY (`link_id`,`term_id`),
  ADD KEY `idx_term_weight` (`term_id`,`weight`),
  ADD KEY `idx_link_term_weight` (`link_id`,`term_id`,`weight`);

--
-- Indici per le tabelle `sjt1i_finder_links_terms6`
--
ALTER TABLE `sjt1i_finder_links_terms6`
  ADD PRIMARY KEY (`link_id`,`term_id`),
  ADD KEY `idx_term_weight` (`term_id`,`weight`),
  ADD KEY `idx_link_term_weight` (`link_id`,`term_id`,`weight`);

--
-- Indici per le tabelle `sjt1i_finder_links_terms7`
--
ALTER TABLE `sjt1i_finder_links_terms7`
  ADD PRIMARY KEY (`link_id`,`term_id`),
  ADD KEY `idx_term_weight` (`term_id`,`weight`),
  ADD KEY `idx_link_term_weight` (`link_id`,`term_id`,`weight`);

--
-- Indici per le tabelle `sjt1i_finder_links_terms8`
--
ALTER TABLE `sjt1i_finder_links_terms8`
  ADD PRIMARY KEY (`link_id`,`term_id`),
  ADD KEY `idx_term_weight` (`term_id`,`weight`),
  ADD KEY `idx_link_term_weight` (`link_id`,`term_id`,`weight`);

--
-- Indici per le tabelle `sjt1i_finder_links_terms9`
--
ALTER TABLE `sjt1i_finder_links_terms9`
  ADD PRIMARY KEY (`link_id`,`term_id`),
  ADD KEY `idx_term_weight` (`term_id`,`weight`),
  ADD KEY `idx_link_term_weight` (`link_id`,`term_id`,`weight`);

--
-- Indici per le tabelle `sjt1i_finder_links_termsa`
--
ALTER TABLE `sjt1i_finder_links_termsa`
  ADD PRIMARY KEY (`link_id`,`term_id`),
  ADD KEY `idx_term_weight` (`term_id`,`weight`),
  ADD KEY `idx_link_term_weight` (`link_id`,`term_id`,`weight`);

--
-- Indici per le tabelle `sjt1i_finder_links_termsb`
--
ALTER TABLE `sjt1i_finder_links_termsb`
  ADD PRIMARY KEY (`link_id`,`term_id`),
  ADD KEY `idx_term_weight` (`term_id`,`weight`),
  ADD KEY `idx_link_term_weight` (`link_id`,`term_id`,`weight`);

--
-- Indici per le tabelle `sjt1i_finder_links_termsc`
--
ALTER TABLE `sjt1i_finder_links_termsc`
  ADD PRIMARY KEY (`link_id`,`term_id`),
  ADD KEY `idx_term_weight` (`term_id`,`weight`),
  ADD KEY `idx_link_term_weight` (`link_id`,`term_id`,`weight`);

--
-- Indici per le tabelle `sjt1i_finder_links_termsd`
--
ALTER TABLE `sjt1i_finder_links_termsd`
  ADD PRIMARY KEY (`link_id`,`term_id`),
  ADD KEY `idx_term_weight` (`term_id`,`weight`),
  ADD KEY `idx_link_term_weight` (`link_id`,`term_id`,`weight`);

--
-- Indici per le tabelle `sjt1i_finder_links_termse`
--
ALTER TABLE `sjt1i_finder_links_termse`
  ADD PRIMARY KEY (`link_id`,`term_id`),
  ADD KEY `idx_term_weight` (`term_id`,`weight`),
  ADD KEY `idx_link_term_weight` (`link_id`,`term_id`,`weight`);

--
-- Indici per le tabelle `sjt1i_finder_links_termsf`
--
ALTER TABLE `sjt1i_finder_links_termsf`
  ADD PRIMARY KEY (`link_id`,`term_id`),
  ADD KEY `idx_term_weight` (`term_id`,`weight`),
  ADD KEY `idx_link_term_weight` (`link_id`,`term_id`,`weight`);

--
-- Indici per le tabelle `sjt1i_finder_taxonomy`
--
ALTER TABLE `sjt1i_finder_taxonomy`
  ADD PRIMARY KEY (`id`),
  ADD KEY `parent_id` (`parent_id`),
  ADD KEY `state` (`state`),
  ADD KEY `ordering` (`ordering`),
  ADD KEY `access` (`access`),
  ADD KEY `idx_parent_published` (`parent_id`,`state`,`access`);

--
-- Indici per le tabelle `sjt1i_finder_taxonomy_map`
--
ALTER TABLE `sjt1i_finder_taxonomy_map`
  ADD PRIMARY KEY (`link_id`,`node_id`),
  ADD KEY `link_id` (`link_id`),
  ADD KEY `node_id` (`node_id`);

--
-- Indici per le tabelle `sjt1i_finder_terms`
--
ALTER TABLE `sjt1i_finder_terms`
  ADD PRIMARY KEY (`term_id`),
  ADD UNIQUE KEY `idx_term` (`term`),
  ADD KEY `idx_term_phrase` (`term`,`phrase`),
  ADD KEY `idx_stem_phrase` (`stem`,`phrase`),
  ADD KEY `idx_soundex_phrase` (`soundex`,`phrase`);

--
-- Indici per le tabelle `sjt1i_finder_terms_common`
--
ALTER TABLE `sjt1i_finder_terms_common`
  ADD KEY `idx_word_lang` (`term`,`language`),
  ADD KEY `idx_lang` (`language`);

--
-- Indici per le tabelle `sjt1i_finder_tokens`
--
ALTER TABLE `sjt1i_finder_tokens`
  ADD KEY `idx_word` (`term`),
  ADD KEY `idx_context` (`context`);

--
-- Indici per le tabelle `sjt1i_finder_tokens_aggregate`
--
ALTER TABLE `sjt1i_finder_tokens_aggregate`
  ADD KEY `token` (`term`),
  ADD KEY `keyword_id` (`term_id`);

--
-- Indici per le tabelle `sjt1i_finder_types`
--
ALTER TABLE `sjt1i_finder_types`
  ADD PRIMARY KEY (`id`),
  ADD UNIQUE KEY `title` (`title`);

--
-- Indici per le tabelle `sjt1i_k2_attachments`
--
ALTER TABLE `sjt1i_k2_attachments`
  ADD PRIMARY KEY (`id`),
  ADD KEY `hits` (`hits`),
  ADD KEY `itemID` (`itemID`);

--
-- Indici per le tabelle `sjt1i_k2_categories`
--
ALTER TABLE `sjt1i_k2_categories`
  ADD PRIMARY KEY (`id`),
  ADD KEY `access` (`access`),
  ADD KEY `category` (`published`,`access`,`trash`),
  ADD KEY `language` (`language`),
  ADD KEY `ordering` (`ordering`),
  ADD KEY `parent` (`parent`),
  ADD KEY `published` (`published`),
  ADD KEY `trash` (`trash`);

--
-- Indici per le tabelle `sjt1i_k2_comments`
--
ALTER TABLE `sjt1i_k2_comments`
  ADD PRIMARY KEY (`id`),
  ADD KEY `commentDate` (`commentDate`),
  ADD KEY `countComments` (`itemID`,`published`),
  ADD KEY `itemID` (`itemID`),
  ADD KEY `latestComments` (`published`,`commentDate`),
  ADD KEY `published` (`published`),
  ADD KEY `userID` (`userID`);

--
-- Indici per le tabelle `sjt1i_k2_extra_fields`
--
ALTER TABLE `sjt1i_k2_extra_fields`
  ADD PRIMARY KEY (`id`),
  ADD KEY `group` (`group`),
  ADD KEY `published` (`published`),
  ADD KEY `ordering` (`ordering`);

--
-- Indici per le tabelle `sjt1i_k2_extra_fields_groups`
--
ALTER TABLE `sjt1i_k2_extra_fields_groups`
  ADD PRIMARY KEY (`id`);

--
-- Indici per le tabelle `sjt1i_k2_items`
--
ALTER TABLE `sjt1i_k2_items`
  ADD PRIMARY KEY (`id`),
  ADD KEY `access` (`access`),
  ADD KEY `catid` (`catid`),
  ADD KEY `created_by` (`created_by`),
  ADD KEY `created` (`created`),
  ADD KEY `featured_ordering` (`featured_ordering`),
  ADD KEY `featured` (`featured`),
  ADD KEY `hits` (`hits`),
  ADD KEY `item` (`published`,`publish_up`,`publish_down`,`trash`,`access`),
  ADD KEY `language` (`language`),
  ADD KEY `ordering` (`ordering`),
  ADD KEY `published` (`published`),
  ADD KEY `publish_down` (`publish_down`),
  ADD KEY `publish_up` (`publish_up`),
  ADD KEY `trash` (`trash`);

--
-- Indici per le tabelle `sjt1i_k2_rating`
--
ALTER TABLE `sjt1i_k2_rating`
  ADD PRIMARY KEY (`itemID`),
  ADD KEY `rating_sum` (`rating_sum`),
  ADD KEY `rating_count` (`rating_count`);

--
-- Indici per le tabelle `sjt1i_k2_tags`
--
ALTER TABLE `sjt1i_k2_tags`
  ADD PRIMARY KEY (`id`),
  ADD KEY `published` (`published`);

--
-- Indici per le tabelle `sjt1i_k2_tags_xref`
--
ALTER TABLE `sjt1i_k2_tags_xref`
  ADD PRIMARY KEY (`id`),
  ADD KEY `tagID` (`tagID`),
  ADD KEY `itemID` (`itemID`);

--
-- Indici per le tabelle `sjt1i_k2_users`
--
ALTER TABLE `sjt1i_k2_users`
  ADD PRIMARY KEY (`id`),
  ADD KEY `userID` (`userID`),
  ADD KEY `group` (`group`);

--
-- Indici per le tabelle `sjt1i_k2_user_groups`
--
ALTER TABLE `sjt1i_k2_user_groups`
  ADD PRIMARY KEY (`id`);

--
-- Indici per le tabelle `sjt1i_languages`
--
ALTER TABLE `sjt1i_languages`
  ADD PRIMARY KEY (`lang_id`),
  ADD UNIQUE KEY `idx_sef` (`sef`),
  ADD UNIQUE KEY `idx_langcode` (`lang_code`),
  ADD KEY `idx_access` (`access`),
  ADD KEY `idx_ordering` (`ordering`);

--
-- Indici per le tabelle `sjt1i_menu`
--
ALTER TABLE `sjt1i_menu`
  ADD PRIMARY KEY (`id`),
  ADD UNIQUE KEY `idx_client_id_parent_id_alias_language` (`client_id`,`parent_id`,`alias`(100),`language`),
  ADD KEY `idx_componentid` (`component_id`,`menutype`,`published`,`access`),
  ADD KEY `idx_menutype` (`menutype`),
  ADD KEY `idx_left_right` (`lft`,`rgt`),
  ADD KEY `idx_alias` (`alias`(100)),
  ADD KEY `idx_path` (`path`(100)),
  ADD KEY `idx_language` (`language`);

--
-- Indici per le tabelle `sjt1i_menu_types`
--
ALTER TABLE `sjt1i_menu_types`
  ADD PRIMARY KEY (`id`),
  ADD UNIQUE KEY `idx_menutype` (`menutype`);

--
-- Indici per le tabelle `sjt1i_messages`
--
ALTER TABLE `sjt1i_messages`
  ADD PRIMARY KEY (`message_id`),
  ADD KEY `useridto_state` (`user_id_to`,`state`);

--
-- Indici per le tabelle `sjt1i_messages_cfg`
--
ALTER TABLE `sjt1i_messages_cfg`
  ADD UNIQUE KEY `idx_user_var_name` (`user_id`,`cfg_name`);

--
-- Indici per le tabelle `sjt1i_modules`
--
ALTER TABLE `sjt1i_modules`
  ADD PRIMARY KEY (`id`),
  ADD KEY `published` (`published`,`access`),
  ADD KEY `newsfeeds` (`module`,`published`),
  ADD KEY `idx_language` (`language`);

--
-- Indici per le tabelle `sjt1i_modules_menu`
--
ALTER TABLE `sjt1i_modules_menu`
  ADD PRIMARY KEY (`moduleid`,`menuid`);

--
-- Indici per le tabelle `sjt1i_newsfeeds`
--
ALTER TABLE `sjt1i_newsfeeds`
  ADD PRIMARY KEY (`id`),
  ADD KEY `idx_access` (`access`),
  ADD KEY `idx_checkout` (`checked_out`),
  ADD KEY `idx_state` (`published`),
  ADD KEY `idx_catid` (`catid`),
  ADD KEY `idx_createdby` (`created_by`),
  ADD KEY `idx_language` (`language`),
  ADD KEY `idx_xreference` (`xreference`);

--
-- Indici per le tabelle `sjt1i_overrider`
--
ALTER TABLE `sjt1i_overrider`
  ADD PRIMARY KEY (`id`);

--
-- Indici per le tabelle `sjt1i_postinstall_messages`
--
ALTER TABLE `sjt1i_postinstall_messages`
  ADD PRIMARY KEY (`postinstall_message_id`);

--
-- Indici per le tabelle `sjt1i_privacy_consents`
--
ALTER TABLE `sjt1i_privacy_consents`
  ADD PRIMARY KEY (`id`),
  ADD KEY `idx_user_id` (`user_id`);

--
-- Indici per le tabelle `sjt1i_privacy_requests`
--
ALTER TABLE `sjt1i_privacy_requests`
  ADD PRIMARY KEY (`id`);

--
-- Indici per le tabelle `sjt1i_redirect_links`
--
ALTER TABLE `sjt1i_redirect_links`
  ADD PRIMARY KEY (`id`),
  ADD KEY `idx_old_url` (`old_url`(100)),
  ADD KEY `idx_link_modifed` (`modified_date`);

--
-- Indici per le tabelle `sjt1i_revslider_css`
--
ALTER TABLE `sjt1i_revslider_css`
  ADD PRIMARY KEY (`id`);

--
-- Indici per le tabelle `sjt1i_revslider_layer_animations`
--
ALTER TABLE `sjt1i_revslider_layer_animations`
  ADD PRIMARY KEY (`id`);

--
-- Indici per le tabelle `sjt1i_revslider_settings`
--
ALTER TABLE `sjt1i_revslider_settings`
  ADD PRIMARY KEY (`id`);

--
-- Indici per le tabelle `sjt1i_revslider_sliders`
--
ALTER TABLE `sjt1i_revslider_sliders`
  ADD PRIMARY KEY (`id`);

--
-- Indici per le tabelle `sjt1i_revslider_slides`
--
ALTER TABLE `sjt1i_revslider_slides`
  ADD PRIMARY KEY (`id`);

--
-- Indici per le tabelle `sjt1i_revslider_static_slides`
--
ALTER TABLE `sjt1i_revslider_static_slides`
  ADD PRIMARY KEY (`id`);

--
-- Indici per le tabelle `sjt1i_schemas`
--
ALTER TABLE `sjt1i_schemas`
  ADD PRIMARY KEY (`extension_id`,`version_id`);

--
-- Indici per le tabelle `sjt1i_session`
--
ALTER TABLE `sjt1i_session`
  ADD PRIMARY KEY (`session_id`),
  ADD KEY `userid` (`userid`),
  ADD KEY `time` (`time`);

--
-- Indici per le tabelle `sjt1i_speasyimagegallery_albums`
--
ALTER TABLE `sjt1i_speasyimagegallery_albums`
  ADD PRIMARY KEY (`id`);

--
-- Indici per le tabelle `sjt1i_speasyimagegallery_images`
--
ALTER TABLE `sjt1i_speasyimagegallery_images`
  ADD PRIMARY KEY (`id`);

--
-- Indici per le tabelle `sjt1i_spmedia`
--
ALTER TABLE `sjt1i_spmedia`
  ADD PRIMARY KEY (`id`);

--
-- Indici per le tabelle `sjt1i_sppagebuilder`
--
ALTER TABLE `sjt1i_sppagebuilder`
  ADD PRIMARY KEY (`id`);

--
-- Indici per le tabelle `sjt1i_sppagebuilder_addons`
--
ALTER TABLE `sjt1i_sppagebuilder_addons`
  ADD PRIMARY KEY (`id`);

--
-- Indici per le tabelle `sjt1i_sppagebuilder_integrations`
--
ALTER TABLE `sjt1i_sppagebuilder_integrations`
  ADD PRIMARY KEY (`id`);

--
-- Indici per le tabelle `sjt1i_sppagebuilder_languages`
--
ALTER TABLE `sjt1i_sppagebuilder_languages`
  ADD PRIMARY KEY (`id`);

--
-- Indici per le tabelle `sjt1i_sppagebuilder_sections`
--
ALTER TABLE `sjt1i_sppagebuilder_sections`
  ADD PRIMARY KEY (`id`);

--
-- Indici per le tabelle `sjt1i_spsimpleportfolio_items`
--
ALTER TABLE `sjt1i_spsimpleportfolio_items`
  ADD PRIMARY KEY (`id`);

--
-- Indici per le tabelle `sjt1i_spsimpleportfolio_tags`
--
ALTER TABLE `sjt1i_spsimpleportfolio_tags`
  ADD PRIMARY KEY (`id`);

--
-- Indici per le tabelle `sjt1i_tags`
--
ALTER TABLE `sjt1i_tags`
  ADD PRIMARY KEY (`id`),
  ADD KEY `tag_idx` (`published`,`access`),
  ADD KEY `idx_access` (`access`),
  ADD KEY `idx_checkout` (`checked_out`),
  ADD KEY `idx_path` (`path`(100)),
  ADD KEY `idx_left_right` (`lft`,`rgt`),
  ADD KEY `idx_alias` (`alias`(100)),
  ADD KEY `idx_language` (`language`);

--
-- Indici per le tabelle `sjt1i_template_styles`
--
ALTER TABLE `sjt1i_template_styles`
  ADD PRIMARY KEY (`id`),
  ADD KEY `idx_template` (`template`),
  ADD KEY `idx_home` (`home`);

--
-- Indici per le tabelle `sjt1i_ucm_base`
--
ALTER TABLE `sjt1i_ucm_base`
  ADD PRIMARY KEY (`ucm_id`),
  ADD KEY `idx_ucm_item_id` (`ucm_item_id`),
  ADD KEY `idx_ucm_type_id` (`ucm_type_id`),
  ADD KEY `idx_ucm_language_id` (`ucm_language_id`);

--
-- Indici per le tabelle `sjt1i_ucm_content`
--
ALTER TABLE `sjt1i_ucm_content`
  ADD PRIMARY KEY (`core_content_id`),
  ADD KEY `tag_idx` (`core_state`,`core_access`),
  ADD KEY `idx_access` (`core_access`),
  ADD KEY `idx_alias` (`core_alias`(100)),
  ADD KEY `idx_language` (`core_language`),
  ADD KEY `idx_title` (`core_title`(100)),
  ADD KEY `idx_modified_time` (`core_modified_time`),
  ADD KEY `idx_created_time` (`core_created_time`),
  ADD KEY `idx_content_type` (`core_type_alias`(100)),
  ADD KEY `idx_core_modified_user_id` (`core_modified_user_id`),
  ADD KEY `idx_core_checked_out_user_id` (`core_checked_out_user_id`),
  ADD KEY `idx_core_created_user_id` (`core_created_user_id`),
  ADD KEY `idx_core_type_id` (`core_type_id`);

--
-- Indici per le tabelle `sjt1i_ucm_history`
--
ALTER TABLE `sjt1i_ucm_history`
  ADD PRIMARY KEY (`version_id`),
  ADD KEY `idx_ucm_item_id` (`ucm_type_id`,`ucm_item_id`),
  ADD KEY `idx_save_date` (`save_date`);

--
-- Indici per le tabelle `sjt1i_updates`
--
ALTER TABLE `sjt1i_updates`
  ADD PRIMARY KEY (`update_id`);

--
-- Indici per le tabelle `sjt1i_update_sites`
--
ALTER TABLE `sjt1i_update_sites`
  ADD PRIMARY KEY (`update_site_id`);

--
-- Indici per le tabelle `sjt1i_update_sites_extensions`
--
ALTER TABLE `sjt1i_update_sites_extensions`
  ADD PRIMARY KEY (`update_site_id`,`extension_id`);

--
-- Indici per le tabelle `sjt1i_usergroups`
--
ALTER TABLE `sjt1i_usergroups`
  ADD PRIMARY KEY (`id`),
  ADD UNIQUE KEY `idx_usergroup_parent_title_lookup` (`parent_id`,`title`),
  ADD KEY `idx_usergroup_title_lookup` (`title`),
  ADD KEY `idx_usergroup_adjacency_lookup` (`parent_id`),
  ADD KEY `idx_usergroup_nested_set_lookup` (`lft`,`rgt`);

--
-- Indici per le tabelle `sjt1i_users`
--
ALTER TABLE `sjt1i_users`
  ADD PRIMARY KEY (`id`),
  ADD KEY `idx_name` (`name`(100)),
  ADD KEY `idx_block` (`block`),
  ADD KEY `username` (`username`),
  ADD KEY `email` (`email`);

--
-- Indici per le tabelle `sjt1i_user_keys`
--
ALTER TABLE `sjt1i_user_keys`
  ADD PRIMARY KEY (`id`),
  ADD UNIQUE KEY `series` (`series`),
  ADD KEY `user_id` (`user_id`);

--
-- Indici per le tabelle `sjt1i_user_notes`
--
ALTER TABLE `sjt1i_user_notes`
  ADD PRIMARY KEY (`id`),
  ADD KEY `idx_user_id` (`user_id`),
  ADD KEY `idx_category_id` (`catid`);

--
-- Indici per le tabelle `sjt1i_user_profiles`
--
ALTER TABLE `sjt1i_user_profiles`
  ADD UNIQUE KEY `idx_user_id_profile_key` (`user_id`,`profile_key`);

--
-- Indici per le tabelle `sjt1i_user_usergroup_map`
--
ALTER TABLE `sjt1i_user_usergroup_map`
  ADD PRIMARY KEY (`user_id`,`group_id`);

--
-- Indici per le tabelle `sjt1i_viewlevels`
--
ALTER TABLE `sjt1i_viewlevels`
  ADD PRIMARY KEY (`id`),
  ADD UNIQUE KEY `idx_assetgroup_title_lookup` (`title`);

--
-- AUTO_INCREMENT per le tabelle scaricate
--

--
-- AUTO_INCREMENT per la tabella `sjt1i_action_logs`
--
ALTER TABLE `sjt1i_action_logs`
  MODIFY `id` int(10) UNSIGNED NOT NULL AUTO_INCREMENT;

--
-- AUTO_INCREMENT per la tabella `sjt1i_action_logs_extensions`
--
ALTER TABLE `sjt1i_action_logs_extensions`
  MODIFY `id` int(10) UNSIGNED NOT NULL AUTO_INCREMENT, AUTO_INCREMENT=19;

--
-- AUTO_INCREMENT per la tabella `sjt1i_action_log_config`
--
ALTER TABLE `sjt1i_action_log_config`
  MODIFY `id` int(10) UNSIGNED NOT NULL AUTO_INCREMENT, AUTO_INCREMENT=20;

--
-- AUTO_INCREMENT per la tabella `sjt1i_ak_profiles`
--
ALTER TABLE `sjt1i_ak_profiles`
  MODIFY `id` int(10) UNSIGNED NOT NULL AUTO_INCREMENT, AUTO_INCREMENT=2;

--
-- AUTO_INCREMENT per la tabella `sjt1i_ak_stats`
--
ALTER TABLE `sjt1i_ak_stats`
  MODIFY `id` bigint(20) UNSIGNED NOT NULL AUTO_INCREMENT, AUTO_INCREMENT=19;

--
-- AUTO_INCREMENT per la tabella `sjt1i_assets`
--
ALTER TABLE `sjt1i_assets`
  MODIFY `id` int(10) UNSIGNED NOT NULL AUTO_INCREMENT COMMENT 'Primary Key', AUTO_INCREMENT=157;

--
-- AUTO_INCREMENT per la tabella `sjt1i_banners`
--
ALTER TABLE `sjt1i_banners`
  MODIFY `id` int(11) NOT NULL AUTO_INCREMENT;

--
-- AUTO_INCREMENT per la tabella `sjt1i_banner_clients`
--
ALTER TABLE `sjt1i_banner_clients`
  MODIFY `id` int(11) NOT NULL AUTO_INCREMENT;

--
-- AUTO_INCREMENT per la tabella `sjt1i_categories`
--
ALTER TABLE `sjt1i_categories`
  MODIFY `id` int(11) NOT NULL AUTO_INCREMENT, AUTO_INCREMENT=13;

--
-- AUTO_INCREMENT per la tabella `sjt1i_contact_details`
--
ALTER TABLE `sjt1i_contact_details`
  MODIFY `id` int(11) NOT NULL AUTO_INCREMENT, AUTO_INCREMENT=2;

--
-- AUTO_INCREMENT per la tabella `sjt1i_contact_templates`
--
ALTER TABLE `sjt1i_contact_templates`
  MODIFY `id` mediumint(8) UNSIGNED NOT NULL AUTO_INCREMENT, AUTO_INCREMENT=2;

--
-- AUTO_INCREMENT per la tabella `sjt1i_content`
--
ALTER TABLE `sjt1i_content`
  MODIFY `id` int(10) UNSIGNED NOT NULL AUTO_INCREMENT, AUTO_INCREMENT=10;

--
-- AUTO_INCREMENT per la tabella `sjt1i_content_types`
--
ALTER TABLE `sjt1i_content_types`
  MODIFY `type_id` int(10) UNSIGNED NOT NULL AUTO_INCREMENT, AUTO_INCREMENT=14;

--
-- AUTO_INCREMENT per la tabella `sjt1i_creative_fields`
--
ALTER TABLE `sjt1i_creative_fields`
  MODIFY `id` int(10) UNSIGNED NOT NULL AUTO_INCREMENT, AUTO_INCREMENT=8;

--
-- AUTO_INCREMENT per la tabella `sjt1i_creative_field_types`
--
ALTER TABLE `sjt1i_creative_field_types`
  MODIFY `id` int(10) UNSIGNED NOT NULL AUTO_INCREMENT, AUTO_INCREMENT=29;

--
-- AUTO_INCREMENT per la tabella `sjt1i_creative_forms`
--
ALTER TABLE `sjt1i_creative_forms`
  MODIFY `id` int(10) UNSIGNED NOT NULL AUTO_INCREMENT, AUTO_INCREMENT=2;

--
-- AUTO_INCREMENT per la tabella `sjt1i_creative_form_options`
--
ALTER TABLE `sjt1i_creative_form_options`
  MODIFY `id` int(10) UNSIGNED NOT NULL AUTO_INCREMENT, AUTO_INCREMENT=243;

--
-- AUTO_INCREMENT per la tabella `sjt1i_creative_submissions`
--
ALTER TABLE `sjt1i_creative_submissions`
  MODIFY `id` int(10) UNSIGNED NOT NULL AUTO_INCREMENT, AUTO_INCREMENT=6;

--
-- AUTO_INCREMENT per la tabella `sjt1i_extensions`
--
ALTER TABLE `sjt1i_extensions`
  MODIFY `extension_id` int(11) NOT NULL AUTO_INCREMENT, AUTO_INCREMENT=10046;

--
-- AUTO_INCREMENT per la tabella `sjt1i_fields`
--
ALTER TABLE `sjt1i_fields`
  MODIFY `id` int(10) UNSIGNED NOT NULL AUTO_INCREMENT;

--
-- AUTO_INCREMENT per la tabella `sjt1i_fields_groups`
--
ALTER TABLE `sjt1i_fields_groups`
  MODIFY `id` int(10) UNSIGNED NOT NULL AUTO_INCREMENT;

--
-- AUTO_INCREMENT per la tabella `sjt1i_finder_filters`
--
ALTER TABLE `sjt1i_finder_filters`
  MODIFY `filter_id` int(10) UNSIGNED NOT NULL AUTO_INCREMENT;

--
-- AUTO_INCREMENT per la tabella `sjt1i_finder_links`
--
ALTER TABLE `sjt1i_finder_links`
  MODIFY `link_id` int(10) UNSIGNED NOT NULL AUTO_INCREMENT;

--
-- AUTO_INCREMENT per la tabella `sjt1i_finder_taxonomy`
--
ALTER TABLE `sjt1i_finder_taxonomy`
  MODIFY `id` int(10) UNSIGNED NOT NULL AUTO_INCREMENT;

--
-- AUTO_INCREMENT per la tabella `sjt1i_finder_terms`
--
ALTER TABLE `sjt1i_finder_terms`
  MODIFY `term_id` int(10) UNSIGNED NOT NULL AUTO_INCREMENT;

--
-- AUTO_INCREMENT per la tabella `sjt1i_finder_types`
--
ALTER TABLE `sjt1i_finder_types`
  MODIFY `id` int(10) UNSIGNED NOT NULL AUTO_INCREMENT, AUTO_INCREMENT=6;

--
-- AUTO_INCREMENT per la tabella `sjt1i_k2_attachments`
--
ALTER TABLE `sjt1i_k2_attachments`
  MODIFY `id` int(11) NOT NULL AUTO_INCREMENT;

--
-- AUTO_INCREMENT per la tabella `sjt1i_k2_categories`
--
ALTER TABLE `sjt1i_k2_categories`
  MODIFY `id` int(11) UNSIGNED NOT NULL AUTO_INCREMENT, AUTO_INCREMENT=5;

--
-- AUTO_INCREMENT per la tabella `sjt1i_k2_comments`
--
ALTER TABLE `sjt1i_k2_comments`
  MODIFY `id` int(11) NOT NULL AUTO_INCREMENT;

--
-- AUTO_INCREMENT per la tabella `sjt1i_k2_extra_fields`
--
ALTER TABLE `sjt1i_k2_extra_fields`
  MODIFY `id` int(11) NOT NULL AUTO_INCREMENT;

--
-- AUTO_INCREMENT per la tabella `sjt1i_k2_extra_fields_groups`
--
ALTER TABLE `sjt1i_k2_extra_fields_groups`
  MODIFY `id` int(11) NOT NULL AUTO_INCREMENT;

--
-- AUTO_INCREMENT per la tabella `sjt1i_k2_items`
--
ALTER TABLE `sjt1i_k2_items`
  MODIFY `id` int(11) NOT NULL AUTO_INCREMENT, AUTO_INCREMENT=7;

--
-- AUTO_INCREMENT per la tabella `sjt1i_k2_tags`
--
ALTER TABLE `sjt1i_k2_tags`
  MODIFY `id` int(11) NOT NULL AUTO_INCREMENT;

--
-- AUTO_INCREMENT per la tabella `sjt1i_k2_tags_xref`
--
ALTER TABLE `sjt1i_k2_tags_xref`
  MODIFY `id` int(11) NOT NULL AUTO_INCREMENT;

--
-- AUTO_INCREMENT per la tabella `sjt1i_k2_users`
--
ALTER TABLE `sjt1i_k2_users`
  MODIFY `id` int(11) NOT NULL AUTO_INCREMENT, AUTO_INCREMENT=2;

--
-- AUTO_INCREMENT per la tabella `sjt1i_k2_user_groups`
--
ALTER TABLE `sjt1i_k2_user_groups`
  MODIFY `id` int(10) UNSIGNED NOT NULL AUTO_INCREMENT;

--
-- AUTO_INCREMENT per la tabella `sjt1i_languages`
--
ALTER TABLE `sjt1i_languages`
  MODIFY `lang_id` int(11) UNSIGNED NOT NULL AUTO_INCREMENT, AUTO_INCREMENT=3;

--
-- AUTO_INCREMENT per la tabella `sjt1i_menu`
--
ALTER TABLE `sjt1i_menu`
  MODIFY `id` int(11) NOT NULL AUTO_INCREMENT, AUTO_INCREMENT=216;

--
-- AUTO_INCREMENT per la tabella `sjt1i_menu_types`
--
ALTER TABLE `sjt1i_menu_types`
  MODIFY `id` int(10) UNSIGNED NOT NULL AUTO_INCREMENT, AUTO_INCREMENT=7;

--
-- AUTO_INCREMENT per la tabella `sjt1i_messages`
--
ALTER TABLE `sjt1i_messages`
  MODIFY `message_id` int(10) UNSIGNED NOT NULL AUTO_INCREMENT;

--
-- AUTO_INCREMENT per la tabella `sjt1i_modules`
--
ALTER TABLE `sjt1i_modules`
  MODIFY `id` int(11) NOT NULL AUTO_INCREMENT, AUTO_INCREMENT=122;

--
-- AUTO_INCREMENT per la tabella `sjt1i_newsfeeds`
--
ALTER TABLE `sjt1i_newsfeeds`
  MODIFY `id` int(10) UNSIGNED NOT NULL AUTO_INCREMENT;

--
-- AUTO_INCREMENT per la tabella `sjt1i_overrider`
--
ALTER TABLE `sjt1i_overrider`
  MODIFY `id` int(10) NOT NULL AUTO_INCREMENT COMMENT 'Primary Key';

--
-- AUTO_INCREMENT per la tabella `sjt1i_postinstall_messages`
--
ALTER TABLE `sjt1i_postinstall_messages`
  MODIFY `postinstall_message_id` bigint(20) UNSIGNED NOT NULL AUTO_INCREMENT, AUTO_INCREMENT=12;

--
-- AUTO_INCREMENT per la tabella `sjt1i_privacy_consents`
--
ALTER TABLE `sjt1i_privacy_consents`
  MODIFY `id` int(10) UNSIGNED NOT NULL AUTO_INCREMENT;

--
-- AUTO_INCREMENT per la tabella `sjt1i_privacy_requests`
--
ALTER TABLE `sjt1i_privacy_requests`
  MODIFY `id` int(10) UNSIGNED NOT NULL AUTO_INCREMENT;

--
-- AUTO_INCREMENT per la tabella `sjt1i_redirect_links`
--
ALTER TABLE `sjt1i_redirect_links`
  MODIFY `id` int(10) UNSIGNED NOT NULL AUTO_INCREMENT;

--
-- AUTO_INCREMENT per la tabella `sjt1i_revslider_css`
--
ALTER TABLE `sjt1i_revslider_css`
  MODIFY `id` int(10) UNSIGNED NOT NULL AUTO_INCREMENT, AUTO_INCREMENT=47;

--
-- AUTO_INCREMENT per la tabella `sjt1i_revslider_layer_animations`
--
ALTER TABLE `sjt1i_revslider_layer_animations`
  MODIFY `id` int(10) UNSIGNED NOT NULL AUTO_INCREMENT;

--
-- AUTO_INCREMENT per la tabella `sjt1i_revslider_settings`
--
ALTER TABLE `sjt1i_revslider_settings`
  MODIFY `id` int(10) UNSIGNED NOT NULL AUTO_INCREMENT;

--
-- AUTO_INCREMENT per la tabella `sjt1i_revslider_sliders`
--
ALTER TABLE `sjt1i_revslider_sliders`
  MODIFY `id` int(10) UNSIGNED NOT NULL AUTO_INCREMENT, AUTO_INCREMENT=3;

--
-- AUTO_INCREMENT per la tabella `sjt1i_revslider_slides`
--
ALTER TABLE `sjt1i_revslider_slides`
  MODIFY `id` int(10) UNSIGNED NOT NULL AUTO_INCREMENT, AUTO_INCREMENT=11;

--
-- AUTO_INCREMENT per la tabella `sjt1i_revslider_static_slides`
--
ALTER TABLE `sjt1i_revslider_static_slides`
  MODIFY `id` int(10) UNSIGNED NOT NULL AUTO_INCREMENT;

--
-- AUTO_INCREMENT per la tabella `sjt1i_speasyimagegallery_albums`
--
ALTER TABLE `sjt1i_speasyimagegallery_albums`
  MODIFY `id` int(10) UNSIGNED NOT NULL AUTO_INCREMENT, AUTO_INCREMENT=2;

--
-- AUTO_INCREMENT per la tabella `sjt1i_speasyimagegallery_images`
--
ALTER TABLE `sjt1i_speasyimagegallery_images`
  MODIFY `id` int(10) UNSIGNED NOT NULL AUTO_INCREMENT, AUTO_INCREMENT=61;

--
-- AUTO_INCREMENT per la tabella `sjt1i_spmedia`
--
ALTER TABLE `sjt1i_spmedia`
  MODIFY `id` bigint(20) UNSIGNED NOT NULL AUTO_INCREMENT, AUTO_INCREMENT=56;

--
-- AUTO_INCREMENT per la tabella `sjt1i_sppagebuilder`
--
ALTER TABLE `sjt1i_sppagebuilder`
  MODIFY `id` bigint(20) UNSIGNED NOT NULL AUTO_INCREMENT, AUTO_INCREMENT=34;

--
-- AUTO_INCREMENT per la tabella `sjt1i_sppagebuilder_addons`
--
ALTER TABLE `sjt1i_sppagebuilder_addons`
  MODIFY `id` int(5) UNSIGNED NOT NULL AUTO_INCREMENT;

--
-- AUTO_INCREMENT per la tabella `sjt1i_sppagebuilder_integrations`
--
ALTER TABLE `sjt1i_sppagebuilder_integrations`
  MODIFY `id` bigint(20) UNSIGNED NOT NULL AUTO_INCREMENT;

--
-- AUTO_INCREMENT per la tabella `sjt1i_sppagebuilder_languages`
--
ALTER TABLE `sjt1i_sppagebuilder_languages`
  MODIFY `id` int(5) UNSIGNED NOT NULL AUTO_INCREMENT;

--
-- AUTO_INCREMENT per la tabella `sjt1i_sppagebuilder_sections`
--
ALTER TABLE `sjt1i_sppagebuilder_sections`
  MODIFY `id` int(5) UNSIGNED NOT NULL AUTO_INCREMENT;

--
-- AUTO_INCREMENT per la tabella `sjt1i_spsimpleportfolio_items`
--
ALTER TABLE `sjt1i_spsimpleportfolio_items`
  MODIFY `id` bigint(20) UNSIGNED NOT NULL AUTO_INCREMENT, AUTO_INCREMENT=13;

--
-- AUTO_INCREMENT per la tabella `sjt1i_spsimpleportfolio_tags`
--
ALTER TABLE `sjt1i_spsimpleportfolio_tags`
  MODIFY `id` bigint(20) UNSIGNED NOT NULL AUTO_INCREMENT, AUTO_INCREMENT=13;

--
-- AUTO_INCREMENT per la tabella `sjt1i_tags`
--
ALTER TABLE `sjt1i_tags`
  MODIFY `id` int(10) UNSIGNED NOT NULL AUTO_INCREMENT, AUTO_INCREMENT=9;

--
-- AUTO_INCREMENT per la tabella `sjt1i_template_styles`
--
ALTER TABLE `sjt1i_template_styles`
  MODIFY `id` int(10) UNSIGNED NOT NULL AUTO_INCREMENT, AUTO_INCREMENT=12;

--
-- AUTO_INCREMENT per la tabella `sjt1i_ucm_content`
--
ALTER TABLE `sjt1i_ucm_content`
  MODIFY `core_content_id` int(10) UNSIGNED NOT NULL AUTO_INCREMENT;

--
-- AUTO_INCREMENT per la tabella `sjt1i_ucm_history`
--
ALTER TABLE `sjt1i_ucm_history`
  MODIFY `version_id` int(10) UNSIGNED NOT NULL AUTO_INCREMENT, AUTO_INCREMENT=81;

--
-- AUTO_INCREMENT per la tabella `sjt1i_updates`
--
ALTER TABLE `sjt1i_updates`
  MODIFY `update_id` int(11) NOT NULL AUTO_INCREMENT, AUTO_INCREMENT=92;

--
-- AUTO_INCREMENT per la tabella `sjt1i_update_sites`
--
ALTER TABLE `sjt1i_update_sites`
  MODIFY `update_site_id` int(11) NOT NULL AUTO_INCREMENT, AUTO_INCREMENT=19;

--
-- AUTO_INCREMENT per la tabella `sjt1i_usergroups`
--
ALTER TABLE `sjt1i_usergroups`
  MODIFY `id` int(10) UNSIGNED NOT NULL AUTO_INCREMENT COMMENT 'Primary Key', AUTO_INCREMENT=10;

--
-- AUTO_INCREMENT per la tabella `sjt1i_users`
--
ALTER TABLE `sjt1i_users`
  MODIFY `id` int(11) NOT NULL AUTO_INCREMENT, AUTO_INCREMENT=56;

--
-- AUTO_INCREMENT per la tabella `sjt1i_user_keys`
--
ALTER TABLE `sjt1i_user_keys`
  MODIFY `id` int(10) UNSIGNED NOT NULL AUTO_INCREMENT;

--
-- AUTO_INCREMENT per la tabella `sjt1i_user_notes`
--
ALTER TABLE `sjt1i_user_notes`
  MODIFY `id` int(10) UNSIGNED NOT NULL AUTO_INCREMENT;

--
-- AUTO_INCREMENT per la tabella `sjt1i_viewlevels`
--
ALTER TABLE `sjt1i_viewlevels`
  MODIFY `id` int(10) UNSIGNED NOT NULL AUTO_INCREMENT COMMENT 'Primary Key', AUTO_INCREMENT=7;
COMMIT;

